{"id":62,"date":"2020-09-18T00:19:53","date_gmt":"2020-09-18T03:19:53","guid":{"rendered":"https:\/\/pmproject.com.br\/bio\/?post_type=product&#038;p=62"},"modified":"2021-06-27T03:35:38","modified_gmt":"2021-06-27T06:35:38","slug":"book2","status":"publish","type":"product","link":"https:\/\/pmproject.com.br\/bio\/product\/book2\/","title":{"rendered":"ENSAIOS DA VIDA &#8211; 30 DIAS COM A INTELIG\u00caNCIA INFINITA (EBOOK KINDLE)"},"content":{"rendered":"<p>&nbsp;<\/p>\n<p><iframe loading=\"lazy\" title=\"ENSAIOS DA VIDA, 30 DIAS COM A INTELIG\u00caNCIA INFINITA: UM MANUAL PARA ENCONTRAR A SI MESMO TODOS OS DIAS\" type=\"text\/html\" width=\"830\" height=\"550\" frameborder=\"0\" allowfullscreen style=\"max-width:100%\" src=\"https:\/\/ler.amazon.com.br\/kp\/card?preview=inline&#038;linkCode=kpd&#038;ref_=k4w_oembed_ngxEg6uAK9bNEx&#038;asin=B08JD358KX&#038;tag=kpembed-20\"><\/iframe><\/p>\n<p>E se a vida pudesse ser experimentada antes de ser vivida. Se pudessemos fazer um ensaio antes de experimentar as v\u00e1rias fases da vida?<\/p>\n<p><strong>ENSAIOS DA VIDA, 30 dias com a Intelig\u00eancia Infinita<\/strong> \u00e9 manual para executar esses ensaios. S\u00e3o 30 dias de hist\u00f3rias que v\u00e3o te inspirar, recordar e at\u00e9 emocionar. Mas a parte mais importante, vai abrir o caminho para encontrar a pessoa mais importante da sua vida, voc\u00ea.<\/p>\n<p>Este \u00e9 um livro para inspirar voc\u00ea em sua carreira, na vida pessoal e na busca dos seu sonhos.<\/p>\n<p><b>ESCOLHA QUAL ENSAIO VOC\u00ca QUER EXPERIMENTAR <\/b><\/p>\n<p>O LUGAR DA INTELIG\u00caNCIA<br \/>\nSABEDORIA<br \/>\nRIQUEZA<br \/>\nFELICIDADE<br \/>\nAMOR<br \/>\nPAIX\u00c3O<br \/>\nF\u00c9<br \/>\nESPERAN\u00c7A entre muitos outros ensaios.<br \/>\n<strong>Informa\u00e7\u00f5es t\u00e9cnicas<\/strong><br \/>\nPublicado em : Setembro 2020<br \/>\nTamanho (Kb) : CONSULTE SITE DA AMAZON<br \/>\nP\u00e1ginas : 141 p\u00e1ginas<br \/>\nASIN: B08JD358KX<br \/>\nISBN \u2013 979-8-6872-9181-1<br \/>\nIdioma: : Portugu\u00eas (Brasil)<\/p>\n<p><strong>Sobre o Autor\u00a0<\/strong><\/p>\n<p>MARCELO MARQUES GRANADO<\/p>\n<p>Um engenheiro, brasileiro do estado mineiro, teve um sonho de mudar a vida da humanidade. Em busca de encontrar o sentido da vida resolveu come\u00e7ar a jornada mudando a pr\u00f3pria vida. Tudo isso resultou em uma explos\u00e3o de conhecimentos ativados pela Intelig\u00eancia Infinita e a cria\u00e7\u00e3o da BIO.<\/p>\n<p>Quando o primeiro anjo, foi levado para um lugar na eternidade e outro anjo veio como uma alegria para vida, tudo se transformou em um encontro especial com o eu interior. Aos 39 tornou-se consultor, empreendedor e CEO do PMPROJECT Boutique Management Office. Criou metodologias de gest\u00e3o e v\u00e1rios projetos para multinacionais.<\/p>\n<p>Aos 43 anos a descoberta da minha verdadeira paix\u00e3o aflorou, deixar um legado de tudo o que recebeu interiormente, que pode ajudar a muitos a se encontrarem, profissional, pessoal e espiritualmente. S\u00e3o mais de 40 t\u00edtulos para celebrar os 40 anos de vida. Das aulas de Filosofia, aos estudos de Psicologia Positiva, Felicidade, Origem da Vida e tudo o que leva ao bem estar interior at\u00e9 a m\u00fasica que inspirou tudo isso.<\/p>\n<p>EU SOU Marcelo Marques Granado e terei prazer em conhecer voc\u00ea e te apresentar nossas hist\u00f3rias da Intelig\u00eancia Infinita. Conhe\u00e7a a BIO. em <a href=\"https:\/\/www.instagram.com\/bio.office\/\">@bio.office<\/a> no <a href=\"https:\/\/www.instagram.com\/bio.office\/\">Instagram<\/a>.<\/p>\n","protected":false},"excerpt":{"rendered":"<p><img loading=\"lazy\" decoding=\"async\" class=\"alignleft wp-image-71 size-medium\" src=\"https:\/\/pmproject.com.br\/bio\/wp-content\/uploads\/2020\/09\/02.Ensaios_Ebook-211x300.png\" alt=\"\" width=\"211\" height=\"300\" srcset=\"https:\/\/pmproject.com.br\/bio\/wp-content\/uploads\/2020\/09\/02.Ensaios_Ebook-211x300.png 211w, https:\/\/pmproject.com.br\/bio\/wp-content\/uploads\/2020\/09\/02.Ensaios_Ebook-600x852.png 600w, https:\/\/pmproject.com.br\/bio\/wp-content\/uploads\/2020\/09\/02.Ensaios_Ebook-721x1024.png 721w, https:\/\/pmproject.com.br\/bio\/wp-content\/uploads\/2020\/09\/02.Ensaios_Ebook-768x1091.png 768w, https:\/\/pmproject.com.br\/bio\/wp-content\/uploads\/2020\/09\/02.Ensaios_Ebook-1081x1536.png 1081w, https:\/\/pmproject.com.br\/bio\/wp-content\/uploads\/2020\/09\/02.Ensaios_Ebook.png 1408w\" sizes=\"auto, (max-width: 211px) 100vw, 211px\" \/><\/p>\n<p>LIVRO \/ EBOOK KINDLE\u00a0 &#8211; EXCLUSIVIDADE <img loading=\"lazy\" decoding=\"async\" class=\"wp-image-73 alignnone\" src=\"https:\/\/pmproject.com.br\/bio\/wp-content\/uploads\/2020\/09\/amazon-e1600403842823.png\" alt=\"\" width=\"108\" height=\"35\" srcset=\"https:\/\/pmproject.com.br\/bio\/wp-content\/uploads\/2020\/09\/amazon-e1600403842823.png 471w, https:\/\/pmproject.com.br\/bio\/wp-content\/uploads\/2020\/09\/amazon-e1600403842823-300x97.png 300w\" sizes=\"auto, (max-width: 108px) 100vw, 108px\" \/><\/p>\n<p>A <span class=\"JsGRdQ\">cada dia uma hist\u00f3ria na presen\u00e7a da Intelig\u00eancia <\/span><span class=\"JsGRdQ\">Infinita.<\/span><\/p>\n<p class=\"_04xlpA direction-ltr align-justify para-style-body\"><span class=\"JsGRdQ\">Inspirados em casos do dia-a-dia e criado para exercitar o lado direito do c\u00e9rebro com pitadas de l\u00f3gica para inspirar o lado esquerdo. <\/span><span class=\"JsGRdQ\">Um manual para a vida di\u00e1ria para ler todos os dias em presen\u00e7a de si mesmo e da sua melhor companhia, seu eu interior.<\/span><\/p>\n<p class=\"_04xlpA direction-ltr align-justify para-style-body\"><span class=\"JsGRdQ\">Cria\u00e7\u00f5es originais a partir de um universo de exerc\u00edcios mentais e descobertas incr\u00edveis que a nossa realidade permite.<\/span><\/p>\n<p class=\"_04xlpA direction-ltr align-justify para-style-body\"><span class=\"JsGRdQ\">Mist\u00e9rios, sensualidade, amor, paix\u00e3o, curiosidade e mansid\u00e3o, hist\u00f3rias de vida e emo\u00e7\u00e3o carregadas de muito desejo de enfrentar a vida e dar a volta por cima.<\/span><\/p>\n<p class=\"_04xlpA direction-ltr align-justify para-style-body\"><span class=\"JsGRdQ\">Esse livro foi escrito para ser guia da sua vida na jornada para o encontro com a Intelig\u00eancia Infinita que brota dentro de todos n\u00f3s.<\/span><\/p>\n<p>FA\u00c7A SUA ENCOMENDA E VOC\u00ca SER\u00c1 INFORMADO QUANDO ESTIVER DISPON\u00cdVEL PELO SITE DA <img loading=\"lazy\" decoding=\"async\" class=\"alignnone wp-image-73\" src=\"https:\/\/pmproject.com.br\/bio\/wp-content\/uploads\/2020\/09\/amazon-e1600403842823.png\" alt=\"\" width=\"99\" height=\"32\" srcset=\"https:\/\/pmproject.com.br\/bio\/wp-content\/uploads\/2020\/09\/amazon-e1600403842823.png 471w, https:\/\/pmproject.com.br\/bio\/wp-content\/uploads\/2020\/09\/amazon-e1600403842823-300x97.png 300w\" sizes=\"auto, (max-width: 99px) 100vw, 99px\" \/><\/p>\n<p>&nbsp;<\/p>\n","protected":false},"featured_media":64,"comment_status":"open","ping_status":"closed","template":"","meta":{"pmpro_default_level":""},"product_brand":[],"product_cat":[17],"product_tag":[19,21,20,18],"class_list":{"0":"post-62","1":"product","2":"type-product","3":"status-publish","4":"has-post-thumbnail","6":"product_cat-portfolio-de-inteligencia-infinita","7":"product_tag-auto-ajuda","8":"product_tag-auto-conhecimento","9":"product_tag-felicidade","10":"product_tag-inteligencia-infinita","11":"pmpro-has-access","13":"first","14":"instock","15":"taxable","16":"shipping-taxable","17":"purchasable","18":"product-type-simple"},"yoast_head":"<!-- This site is optimized with the Yoast SEO plugin v27.2 - https:\/\/yoast.com\/product\/yoast-seo-wordpress\/ -->\n<title>ENSAIOS DA VIDA - 30 DIAS COM A INTELIG\u00caNCIA INFINITA (EBOOK KINDLE) &#8226; BIO.<\/title>\n<meta name=\"robots\" content=\"index, follow, max-snippet:-1, max-image-preview:large, max-video-preview:-1\" \/>\n<link rel=\"canonical\" href=\"https:\/\/pmproject.com.br\/bio\/product\/book2\/\" \/>\n<meta property=\"og:locale\" content=\"pt_BR\" \/>\n<meta property=\"og:type\" content=\"article\" \/>\n<meta property=\"og:title\" content=\"ENSAIOS DA VIDA - 30 DIAS COM A INTELIG\u00caNCIA INFINITA (EBOOK KINDLE) &#8226; BIO.\" \/>\n<meta property=\"og:description\" content=\"LIVRO \/ EBOOK KINDLE\u00a0 - EXCLUSIVIDADE   A cada dia uma hist\u00f3ria na presen\u00e7a da Intelig\u00eancia Infinita. Inspirados em casos do dia-a-dia e criado para exercitar o lado direito do c\u00e9rebro com pitadas de l\u00f3gica para inspirar o lado esquerdo. Um manual para a vida di\u00e1ria para ler todos os dias em presen\u00e7a de si mesmo e da sua melhor companhia, seu eu interior. Cria\u00e7\u00f5es originais a partir de um universo de exerc\u00edcios mentais e descobertas incr\u00edveis que a nossa realidade permite. Mist\u00e9rios, sensualidade, amor, paix\u00e3o, curiosidade e mansid\u00e3o, hist\u00f3rias de vida e emo\u00e7\u00e3o carregadas de muito desejo de enfrentar a vida e dar a volta por cima. Esse livro foi escrito para ser guia da sua vida na jornada para o encontro com a Intelig\u00eancia Infinita que brota dentro de todos n\u00f3s. FA\u00c7A SUA ENCOMENDA E VOC\u00ca SER\u00c1 INFORMADO QUANDO ESTIVER DISPON\u00cdVEL PELO SITE DA   &nbsp;\" \/>\n<meta property=\"og:url\" content=\"https:\/\/pmproject.com.br\/bio\/product\/book2\/\" \/>\n<meta property=\"og:site_name\" content=\"BIO.\" \/>\n<meta property=\"article:publisher\" content=\"https:\/\/www.facebook.com\/bio.intelligence.office\/\" \/>\n<meta property=\"article:modified_time\" content=\"2021-06-27T06:35:38+00:00\" \/>\n<meta property=\"og:image\" content=\"https:\/\/pmproject.com.br\/bio\/wp-content\/uploads\/2020\/09\/02.Ensaios_Frente-1-721x1024.png\" \/>\n\t<meta property=\"og:image:width\" content=\"721\" \/>\n\t<meta property=\"og:image:height\" content=\"1024\" \/>\n\t<meta property=\"og:image:type\" content=\"image\/png\" \/>\n<meta name=\"twitter:card\" content=\"summary_large_image\" \/>\n<meta name=\"twitter:site\" content=\"@BIO_Intellig\" \/>\n<meta name=\"twitter:label1\" content=\"Est. tempo de leitura\" \/>\n\t<meta name=\"twitter:data1\" content=\"2 minutos\" \/>\n<script type=\"application\/ld+json\" class=\"yoast-schema-graph\">{\"@context\":\"https:\/\/schema.org\",\"@graph\":[{\"@type\":\"WebPage\",\"@id\":\"https:\/\/pmproject.com.br\/bio\/product\/book2\/\",\"url\":\"https:\/\/pmproject.com.br\/bio\/product\/book2\/\",\"name\":\"ENSAIOS DA VIDA - 30 DIAS COM A INTELIG\u00caNCIA INFINITA (EBOOK KINDLE) &#8226; BIO.\",\"isPartOf\":{\"@id\":\"https:\/\/pmproject.com.br\/bio\/#website\"},\"primaryImageOfPage\":{\"@id\":\"https:\/\/pmproject.com.br\/bio\/product\/book2\/#primaryimage\"},\"image\":{\"@id\":\"https:\/\/pmproject.com.br\/bio\/product\/book2\/#primaryimage\"},\"thumbnailUrl\":\"https:\/\/pmproject.com.br\/bio\/wp-content\/uploads\/2020\/09\/02.Ensaios_Frente-1.png\",\"datePublished\":\"2020-09-18T03:19:53+00:00\",\"dateModified\":\"2021-06-27T06:35:38+00:00\",\"breadcrumb\":{\"@id\":\"https:\/\/pmproject.com.br\/bio\/product\/book2\/#breadcrumb\"},\"inLanguage\":\"pt-BR\",\"potentialAction\":[{\"@type\":\"ReadAction\",\"target\":[\"https:\/\/pmproject.com.br\/bio\/product\/book2\/\"]}]},{\"@type\":\"ImageObject\",\"inLanguage\":\"pt-BR\",\"@id\":\"https:\/\/pmproject.com.br\/bio\/product\/book2\/#primaryimage\",\"url\":\"https:\/\/pmproject.com.br\/bio\/wp-content\/uploads\/2020\/09\/02.Ensaios_Frente-1.png\",\"contentUrl\":\"https:\/\/pmproject.com.br\/bio\/wp-content\/uploads\/2020\/09\/02.Ensaios_Frente-1.png\",\"width\":1408,\"height\":2000,\"caption\":\"Capa do Livro Ensaios da Vida - 30 dias com a Intelig\u00eancia Infinita\"},{\"@type\":\"BreadcrumbList\",\"@id\":\"https:\/\/pmproject.com.br\/bio\/product\/book2\/#breadcrumb\",\"itemListElement\":[{\"@type\":\"ListItem\",\"position\":1,\"name\":\"In\u00edcio\",\"item\":\"https:\/\/pmproject.com.br\/bio\/\"},{\"@type\":\"ListItem\",\"position\":2,\"name\":\"Loja\",\"item\":\"https:\/\/pmproject.com.br\/bio\/loja\/\"},{\"@type\":\"ListItem\",\"position\":3,\"name\":\"ENSAIOS DA VIDA &#8211; 30 DIAS COM A INTELIG\u00caNCIA INFINITA (EBOOK KINDLE)\"}]},{\"@type\":\"WebSite\",\"@id\":\"https:\/\/pmproject.com.br\/bio\/#website\",\"url\":\"https:\/\/pmproject.com.br\/bio\/\",\"name\":\"BIO\",\"description\":\"BOUTIQUE INTELLIGENCE OFFICE\",\"publisher\":{\"@id\":\"https:\/\/pmproject.com.br\/bio\/#organization\"},\"potentialAction\":[{\"@type\":\"SearchAction\",\"target\":{\"@type\":\"EntryPoint\",\"urlTemplate\":\"https:\/\/pmproject.com.br\/bio\/?s={search_term_string}\"},\"query-input\":{\"@type\":\"PropertyValueSpecification\",\"valueRequired\":true,\"valueName\":\"search_term_string\"}}],\"inLanguage\":\"pt-BR\"},{\"@type\":\"Organization\",\"@id\":\"https:\/\/pmproject.com.br\/bio\/#organization\",\"name\":\"BIO. BOUTIQUE INTELLIGENCE OFFICE\",\"url\":\"https:\/\/pmproject.com.br\/bio\/\",\"logo\":{\"@type\":\"ImageObject\",\"inLanguage\":\"pt-BR\",\"@id\":\"https:\/\/pmproject.com.br\/bio\/#\/schema\/logo\/image\/\",\"url\":\"https:\/\/pmproject.com.br\/bio\/wp-content\/uploads\/2020\/09\/Bio-Brand_Black-1.png\",\"contentUrl\":\"https:\/\/pmproject.com.br\/bio\/wp-content\/uploads\/2020\/09\/Bio-Brand_Black-1.png\",\"width\":1080,\"height\":1080,\"caption\":\"BIO. BOUTIQUE INTELLIGENCE OFFICE\"},\"image\":{\"@id\":\"https:\/\/pmproject.com.br\/bio\/#\/schema\/logo\/image\/\"},\"sameAs\":[\"https:\/\/www.facebook.com\/bio.intelligence.office\/\",\"https:\/\/x.com\/BIO_Intellig\",\"https:\/\/www.instagram.com\/bio.office\/\",\"https:\/\/www.linkedin.com\/company\/biooffice\",\"https:\/\/www.youtube.com\/channel\/UCY0sSiVKy1WN8CNwjNekpBQ\"]}]}<\/script>\n<!-- \/ Yoast SEO plugin. -->","yoast_head_json":{"title":"ENSAIOS DA VIDA - 30 DIAS COM A INTELIG\u00caNCIA INFINITA (EBOOK KINDLE) &#8226; BIO.","robots":{"index":"index","follow":"follow","max-snippet":"max-snippet:-1","max-image-preview":"max-image-preview:large","max-video-preview":"max-video-preview:-1"},"canonical":"https:\/\/pmproject.com.br\/bio\/product\/book2\/","og_locale":"pt_BR","og_type":"article","og_title":"ENSAIOS DA VIDA - 30 DIAS COM A INTELIG\u00caNCIA INFINITA (EBOOK KINDLE) &#8226; BIO.","og_description":"LIVRO \/ EBOOK KINDLE\u00a0 - EXCLUSIVIDADE   A cada dia uma hist\u00f3ria na presen\u00e7a da Intelig\u00eancia Infinita. Inspirados em casos do dia-a-dia e criado para exercitar o lado direito do c\u00e9rebro com pitadas de l\u00f3gica para inspirar o lado esquerdo. Um manual para a vida di\u00e1ria para ler todos os dias em presen\u00e7a de si mesmo e da sua melhor companhia, seu eu interior. Cria\u00e7\u00f5es originais a partir de um universo de exerc\u00edcios mentais e descobertas incr\u00edveis que a nossa realidade permite. Mist\u00e9rios, sensualidade, amor, paix\u00e3o, curiosidade e mansid\u00e3o, hist\u00f3rias de vida e emo\u00e7\u00e3o carregadas de muito desejo de enfrentar a vida e dar a volta por cima. Esse livro foi escrito para ser guia da sua vida na jornada para o encontro com a Intelig\u00eancia Infinita que brota dentro de todos n\u00f3s. FA\u00c7A SUA ENCOMENDA E VOC\u00ca SER\u00c1 INFORMADO QUANDO ESTIVER DISPON\u00cdVEL PELO SITE DA   &nbsp;","og_url":"https:\/\/pmproject.com.br\/bio\/product\/book2\/","og_site_name":"BIO.","article_publisher":"https:\/\/www.facebook.com\/bio.intelligence.office\/","article_modified_time":"2021-06-27T06:35:38+00:00","og_image":[{"width":721,"height":1024,"url":"https:\/\/pmproject.com.br\/bio\/wp-content\/uploads\/2020\/09\/02.Ensaios_Frente-1-721x1024.png","type":"image\/png"}],"twitter_card":"summary_large_image","twitter_site":"@BIO_Intellig","twitter_misc":{"Est. tempo de leitura":"2 minutos"},"schema":{"@context":"https:\/\/schema.org","@graph":[{"@type":"WebPage","@id":"https:\/\/pmproject.com.br\/bio\/product\/book2\/","url":"https:\/\/pmproject.com.br\/bio\/product\/book2\/","name":"ENSAIOS DA VIDA - 30 DIAS COM A INTELIG\u00caNCIA INFINITA (EBOOK KINDLE) &#8226; BIO.","isPartOf":{"@id":"https:\/\/pmproject.com.br\/bio\/#website"},"primaryImageOfPage":{"@id":"https:\/\/pmproject.com.br\/bio\/product\/book2\/#primaryimage"},"image":{"@id":"https:\/\/pmproject.com.br\/bio\/product\/book2\/#primaryimage"},"thumbnailUrl":"https:\/\/pmproject.com.br\/bio\/wp-content\/uploads\/2020\/09\/02.Ensaios_Frente-1.png","datePublished":"2020-09-18T03:19:53+00:00","dateModified":"2021-06-27T06:35:38+00:00","breadcrumb":{"@id":"https:\/\/pmproject.com.br\/bio\/product\/book2\/#breadcrumb"},"inLanguage":"pt-BR","potentialAction":[{"@type":"ReadAction","target":["https:\/\/pmproject.com.br\/bio\/product\/book2\/"]}]},{"@type":"ImageObject","inLanguage":"pt-BR","@id":"https:\/\/pmproject.com.br\/bio\/product\/book2\/#primaryimage","url":"https:\/\/pmproject.com.br\/bio\/wp-content\/uploads\/2020\/09\/02.Ensaios_Frente-1.png","contentUrl":"https:\/\/pmproject.com.br\/bio\/wp-content\/uploads\/2020\/09\/02.Ensaios_Frente-1.png","width":1408,"height":2000,"caption":"Capa do Livro Ensaios da Vida - 30 dias com a Intelig\u00eancia Infinita"},{"@type":"BreadcrumbList","@id":"https:\/\/pmproject.com.br\/bio\/product\/book2\/#breadcrumb","itemListElement":[{"@type":"ListItem","position":1,"name":"In\u00edcio","item":"https:\/\/pmproject.com.br\/bio\/"},{"@type":"ListItem","position":2,"name":"Loja","item":"https:\/\/pmproject.com.br\/bio\/loja\/"},{"@type":"ListItem","position":3,"name":"ENSAIOS DA VIDA &#8211; 30 DIAS COM A INTELIG\u00caNCIA INFINITA (EBOOK KINDLE)"}]},{"@type":"WebSite","@id":"https:\/\/pmproject.com.br\/bio\/#website","url":"https:\/\/pmproject.com.br\/bio\/","name":"BIO","description":"BOUTIQUE INTELLIGENCE OFFICE","publisher":{"@id":"https:\/\/pmproject.com.br\/bio\/#organization"},"potentialAction":[{"@type":"SearchAction","target":{"@type":"EntryPoint","urlTemplate":"https:\/\/pmproject.com.br\/bio\/?s={search_term_string}"},"query-input":{"@type":"PropertyValueSpecification","valueRequired":true,"valueName":"search_term_string"}}],"inLanguage":"pt-BR"},{"@type":"Organization","@id":"https:\/\/pmproject.com.br\/bio\/#organization","name":"BIO. BOUTIQUE INTELLIGENCE OFFICE","url":"https:\/\/pmproject.com.br\/bio\/","logo":{"@type":"ImageObject","inLanguage":"pt-BR","@id":"https:\/\/pmproject.com.br\/bio\/#\/schema\/logo\/image\/","url":"https:\/\/pmproject.com.br\/bio\/wp-content\/uploads\/2020\/09\/Bio-Brand_Black-1.png","contentUrl":"https:\/\/pmproject.com.br\/bio\/wp-content\/uploads\/2020\/09\/Bio-Brand_Black-1.png","width":1080,"height":1080,"caption":"BIO. BOUTIQUE INTELLIGENCE OFFICE"},"image":{"@id":"https:\/\/pmproject.com.br\/bio\/#\/schema\/logo\/image\/"},"sameAs":["https:\/\/www.facebook.com\/bio.intelligence.office\/","https:\/\/x.com\/BIO_Intellig","https:\/\/www.instagram.com\/bio.office\/","https:\/\/www.linkedin.com\/company\/biooffice","https:\/\/www.youtube.com\/channel\/UCY0sSiVKy1WN8CNwjNekpBQ"]}]}},"jetpack_sharing_enabled":true,"_links":{"self":[{"href":"https:\/\/pmproject.com.br\/bio\/wp-json\/wp\/v2\/product\/62","targetHints":{"allow":["GET"]}}],"collection":[{"href":"https:\/\/pmproject.com.br\/bio\/wp-json\/wp\/v2\/product"}],"about":[{"href":"https:\/\/pmproject.com.br\/bio\/wp-json\/wp\/v2\/types\/product"}],"replies":[{"embeddable":true,"href":"https:\/\/pmproject.com.br\/bio\/wp-json\/wp\/v2\/comments?post=62"}],"wp:featuredmedia":[{"embeddable":true,"href":"https:\/\/pmproject.com.br\/bio\/wp-json\/wp\/v2\/media\/64"}],"wp:attachment":[{"href":"https:\/\/pmproject.com.br\/bio\/wp-json\/wp\/v2\/media?parent=62"}],"wp:term":[{"taxonomy":"product_brand","embeddable":true,"href":"https:\/\/pmproject.com.br\/bio\/wp-json\/wp\/v2\/product_brand?post=62"},{"taxonomy":"product_cat","embeddable":true,"href":"https:\/\/pmproject.com.br\/bio\/wp-json\/wp\/v2\/product_cat?post=62"},{"taxonomy":"product_tag","embeddable":true,"href":"https:\/\/pmproject.com.br\/bio\/wp-json\/wp\/v2\/product_tag?post=62"}],"curies":[{"name":"wp","href":"https:\/\/api.w.org\/{rel}","templated":true}]}}