{"id":458,"date":"2022-01-06T16:51:26","date_gmt":"2022-01-06T19:51:26","guid":{"rendered":"https:\/\/pmproject.com.br\/bio\/?post_type=product&#038;p=458"},"modified":"2022-01-18T18:38:17","modified_gmt":"2022-01-18T21:38:17","slug":"ensaios-das-geracoes-2","status":"publish","type":"product","link":"https:\/\/pmproject.com.br\/bio\/product\/ensaios-das-geracoes-2\/","title":{"rendered":"ENSAIOS DAS GERA\u00c7\u00d5ES, EM BUSCA DA \u00c1RVORES DA VIDA"},"content":{"rendered":"<p><iframe loading=\"lazy\" title=\"ENSAIOS DAS GERA\u00c7\u00d5ES: EM BUSCA DA \u00c1RVORE DA VIDA (Portuguese Edition)\" type=\"text\/html\" width=\"830\" height=\"550\" frameborder=\"0\" allowfullscreen style=\"max-width:100%\" src=\"https:\/\/read.amazon.com\/kp\/card?preview=inline&#038;linkCode=kpd&#038;ref_=k4w_oembed_JKkOketuPniNw3&#038;asin=B09PHD6XM5&#038;tag=kpembed-20\"><\/iframe><\/p>\n<div class=\"a-expander-content a-expander-partial-collapse-content a-expander-content-expanded\" aria-expanded=\"true\"><b>AS GERA\u00c7\u00d5ES TRANSFORMAM NOSSAS VIDAS<\/b><br \/>\nDurante a vida, uma heran\u00e7a \u00e9 a carga que todos carregam mesmo sem saber. Por anos a fio as pessoas pensavam que suas vidas eram os resultados das suas pr\u00f3prias a\u00e7\u00f5es. Agora a BIO. traz uma revela\u00e7\u00e3o sobre as gera\u00e7\u00f5es. Toda a heran\u00e7a dos antepassados molda a forma como a vida \u00e9 constru\u00edda. Cada ser \u00e9 um galho da \u00c1rvore da Vida dos antepassados. Com este livro \u00e9 poss\u00edvel compreender como plantar a sua pr\u00f3pria \u00c1rvore da Vida.<b>UMA JORNADA PELA VIDA<\/b><br \/>\nAs gera\u00e7\u00f5es s\u00e3o uma das mais intensas formas de compreender como o ser \u00e9 constru\u00eddo. Estudos sobre o genoma humano e como o DNA \u00e9 copiado para cada nova vida desde o in\u00edcio da humanidade, faz de cada pessoa, seres muito complexos e cheios de carga heredit\u00e1ria. Hoje as pessoas carregam no seu interior, muito mais do que o necess\u00e1rio para a jornada da vida. E isso tem um peso muito grande para que possa carregar. Nos Ensaios das Gera\u00e7\u00f5es a BIO. ensina como viajar pela jornada da vida e deixar para traz todo o peso das gera\u00e7\u00f5es, levando apenas o necess\u00e1rio para a vida florescer na nova \u00c1rvore da Vida.<b>O LIVRO ENSAIOS DAS GERA\u00c7\u00d5ES<\/b><br \/>\nEste \u00e9 um livro diferente de tudo o que voc\u00ea j\u00e1 viu e experimentou. O livro Ensaios das Gera\u00e7\u00f5es surgiu no Di\u00e1rio da Vida Inteligente, uma live apresentada pelo autor todos os dias para ajudar a desbloquear a vida das pessoas. Este \u00e9 um livro de pr\u00e1ticas dos Ensaios da BIO. Atrav\u00e9s deste livro \u00e9 poss\u00edvel acompanhar um Ensaio da BIO. passo a passo at\u00e9 a sua conclus\u00e3o. Este \u00e9 um dos Ensaios mais importantes da BIO. pois ajudam a compreender os grandes bloqueios da vida recebido entre as gera\u00e7\u00f5es.<\/p>\n<p><b>MAPA DAS GERA\u00c7\u00d5ES<\/b><br \/>\nUma nova ferramenta que ajudar\u00e1 a compreender tudo sobre as gera\u00e7\u00f5es durante a vida. O Mapa das Gera\u00e7\u00f5es \u00e9 um instrumento para medir como as gera\u00e7\u00f5es influenciam a vida de cada galho, fruto ou tronco da \u00c1rvore da Vida. O Mapa das Gera\u00e7\u00f5es traz em detalhes, cada heran\u00e7a recebida de cada uma das gera\u00e7\u00f5es at\u00e9 o in\u00edcio dos tempos. As influ\u00eancias que impactam a vida pessoal, financeira, emocional, a carreira e at\u00e9 mesmo a forma como cada um se veem. Aprenda a construir o seu pr\u00f3prio Mapa das Gera\u00e7\u00f5es com os Ensaios das Gera\u00e7\u00f5es.<\/p>\n<p><b>A HERAN\u00c7A E A FORMA\u00c7\u00c3O DO SER<\/b><br \/>\nOs Ensaios das Gera\u00e7\u00f5es s\u00e3o embasados em dois outros livros da BIO. que fazem parte do Portf\u00f3lio de Intelig\u00eancia Infinita. O livro A Tribo da Lua, uma Hist\u00f3ria sobre a Exist\u00eancia da Intelig\u00eancia Infinita. Ele conta a hist\u00f3ria sobre a forma\u00e7\u00e3o das eras segundo a Intelig\u00eancia Infinita e como cada uma \u00e9 transmitida a outra gera\u00e7\u00e3o atrav\u00e9s dos tempos. E o segundo livro, A Heran\u00e7a, a Transmiss\u00e3o da Intelig\u00eancia Infinita por Gera\u00e7\u00f5es, conta hist\u00f3ria de como a heran\u00e7a gen\u00e9tica influencia a vida das gera\u00e7\u00f5es futuras.<\/p>\n<p><b>O ENCONTRO COM A \u00c1RVORE DA VIDA<\/b><br \/>\nEste livro vai levar, a todos que querem se encontrar, a uma jornada em busca da \u00c1rvore da Vida particular de cada um e a grande \u00c1rvore da Exist\u00eancia. O livro Ensaios das Gera\u00e7\u00f5es traz relatos e estudos que ajudam a compreender como as gera\u00e7\u00f5es influenciam vida e a forma\u00e7\u00e3o do ser. Este \u00e9 um manual das gera\u00e7\u00f5es, para aprender a plantar a pr\u00f3pria \u00c1rvore da Vida, compreendendo os la\u00e7os das gera\u00e7\u00f5es passadas e futuras. Atrav\u00e9s dos Ensaios das Gera\u00e7\u00f5es \u00e9 poss\u00edvel compreender como deixar de frutos bons que v\u00e3o alimentar as pr\u00f3ximas gera\u00e7\u00f5es.<\/p>\n<p>Este \u00e9 o maior de todos os presentes que voc\u00ea pode deixar para as gera\u00e7\u00f5es futuras, a \u00c1rvore da Vida com frutos de amor, alegria, esperan\u00e7a, riqueza e toda sorte de bons frutos. Experimente os Ensaios das Gera\u00e7\u00f5es e transforme a sua vida completamente<\/p>\n<\/div>\n<ul class=\"a-unordered-list a-nostyle a-vertical a-spacing-none detail-bullet-list\">\n<li>\n<h2>Detalhes do produto<\/h2>\n<div id=\"detailBullets_feature_div\">\n<ul class=\"a-unordered-list a-nostyle a-vertical a-spacing-none detail-bullet-list\">\n<li><span class=\"a-list-item\"><span class=\"a-text-bold\">ASIN \u200f : \u200e\u00a0<\/span>B09PHD6XM5<\/span><\/li>\n<li><span class=\"a-list-item\"><span class=\"a-text-bold\">Editora \u200f : \u200e\u00a0<\/span>Independently published (31 dezembro 2021)<\/span><\/li>\n<li><span class=\"a-list-item\"><span class=\"a-text-bold\">Idioma \u200f : \u200e\u00a0<\/span>Portugu\u00eas<\/span><\/li>\n<li><span class=\"a-list-item\"><span class=\"a-text-bold\">Capa comum \u200f : \u200e\u00a0<\/span>144 p\u00e1ginas<\/span><\/li>\n<li><span class=\"a-list-item\"><span class=\"a-text-bold\">ISBN-13 \u200f : \u200e\u00a0<\/span>979-8793320726<\/span><\/li>\n<li><span class=\"a-list-item\"><span class=\"a-text-bold\">Peso do produto \u200f : \u200e\u00a0<\/span>272 g<\/span><\/li>\n<li><span class=\"a-list-item\"><span class=\"a-text-bold\">Dimens\u00f5es \u200f : \u200e\u00a0<\/span>15.24 x 0.91 x 22.86 cm<\/span><\/li>\n<\/ul>\n<\/div>\n<\/li>\n<\/ul>\n<p><a href=\"https:\/\/pmproject.com.br\/bio\/projeto-da-sua-vida\"><strong>Sobre o Autor (Clique para saber mais sobre o autor)<\/strong><\/a><\/p>\n<p>MARCELO MARQUES GRANADO<\/p>\n","protected":false},"excerpt":{"rendered":"<p>LIVRO \/ EBOOK KINDLE\u00a0 &#8211; EXCLUSIVIDADE <img loading=\"lazy\" decoding=\"async\" class=\"wp-image-73 alignnone\" src=\"https:\/\/pmproject.com.br\/bio\/wp-content\/uploads\/2020\/09\/amazon-e1600403842823.png\" alt=\"\" width=\"108\" height=\"35\" srcset=\"https:\/\/pmproject.com.br\/bio\/wp-content\/uploads\/2020\/09\/amazon-e1600403842823.png 471w, https:\/\/pmproject.com.br\/bio\/wp-content\/uploads\/2020\/09\/amazon-e1600403842823-300x97.png 300w\" sizes=\"auto, (max-width: 108px) 100vw, 108px\" \/><\/p>\n[caption id=\"attachment_452\" align=\"alignright\" width=\"212\"]<img loading=\"lazy\" decoding=\"async\" class=\"wp-image-452 size-medium\" src=\"https:\/\/pmproject.com.br\/bio\/wp-content\/uploads\/2020\/09\/ENSAIOS-GERACOES-CAPASITE_final-212x300.png\" alt=\"EBOOK ENSAIOS DAS GERA\u00c7\u00d5ES\" width=\"212\" height=\"300\" srcset=\"https:\/\/pmproject.com.br\/bio\/wp-content\/uploads\/2020\/09\/ENSAIOS-GERACOES-CAPASITE_final-212x300.png 212w, https:\/\/pmproject.com.br\/bio\/wp-content\/uploads\/2020\/09\/ENSAIOS-GERACOES-CAPASITE_final.png 482w\" sizes=\"auto, (max-width: 212px) 100vw, 212px\" \/> Capa do Livro ENSAIOS DAS GERA\u00c7\u00d5ES, em Busca da \u00c1rvore da Vida[\/caption]\n<p><b>O ENCONTRO COM A \u00c1RVORE DA VIDA<\/b><br \/>\nEste livro vai levar, a todos que querem se encontrar, a uma jornada em busca da \u00c1rvore da Vida particular de cada um e a grande \u00c1rvore da Exist\u00eancia. O livro Ensaios das Gera\u00e7\u00f5es traz relatos e estudos que ajudam a compreender como as gera\u00e7\u00f5es influenciam vida e a forma\u00e7\u00e3o do ser. Este \u00e9 um manual das gera\u00e7\u00f5es, para aprender a plantar a pr\u00f3pria \u00c1rvore da Vida, compreendendo os la\u00e7os das gera\u00e7\u00f5es passadas e futuras. Atrav\u00e9s dos Ensaios das Gera\u00e7\u00f5es \u00e9 poss\u00edvel compreender como deixar de frutos bons que v\u00e3o alimentar as pr\u00f3ximas gera\u00e7\u00f5es.<\/p>\n<p>Este \u00e9 o maior de todos os presentes que voc\u00ea pode deixar para as gera\u00e7\u00f5es futuras, a \u00c1rvore da Vida com frutos de amor, alegria, esperan\u00e7a, riqueza e toda sorte de bons frutos. Experimente os Ensaios das Gera\u00e7\u00f5es e transforme a sua vida completamente<\/p>\n<p>FA\u00c7A SUA ENCOMENDA E VOC\u00ca SER\u00c1 INFORMADO QUANDO ESTIVER DISPON\u00cdVEL PELO SITE DA <img loading=\"lazy\" decoding=\"async\" class=\"alignnone wp-image-73\" src=\"https:\/\/pmproject.com.br\/bio\/wp-content\/uploads\/2020\/09\/amazon-e1600403842823.png\" alt=\"\" width=\"99\" height=\"32\" srcset=\"https:\/\/pmproject.com.br\/bio\/wp-content\/uploads\/2020\/09\/amazon-e1600403842823.png 471w, https:\/\/pmproject.com.br\/bio\/wp-content\/uploads\/2020\/09\/amazon-e1600403842823-300x97.png 300w\" sizes=\"auto, (max-width: 99px) 100vw, 99px\" \/><\/p>\n<p>&nbsp;<\/p>\n","protected":false},"featured_media":452,"comment_status":"open","ping_status":"closed","template":"","meta":{"pmpro_default_level":""},"product_brand":[],"product_cat":[17],"product_tag":[35,36,33,19,21,20,18,34],"class_list":{"0":"post-458","1":"product","2":"type-product","3":"status-publish","4":"has-post-thumbnail","6":"product_cat-portfolio-de-inteligencia-infinita","7":"product_tag-alem-da-vida","8":"product_tag-alma-gemea","9":"product_tag-amor","10":"product_tag-auto-ajuda","11":"product_tag-auto-conhecimento","12":"product_tag-felicidade","13":"product_tag-inteligencia-infinita","14":"product_tag-romance","15":"product_shipping_class-pacnacional","16":"pmpro-has-access","18":"first","19":"instock","20":"taxable","21":"shipping-taxable","22":"purchasable","23":"product-type-simple"},"yoast_head":"<!-- This site is optimized with the Yoast SEO plugin v27.2 - https:\/\/yoast.com\/product\/yoast-seo-wordpress\/ -->\n<title>ENSAIOS DAS GERA\u00c7\u00d5ES, EM BUSCA DA \u00c1RVORES DA VIDA &#8226; BIO.<\/title>\n<meta name=\"description\" content=\"Quer saber o que voc\u00ea carrega das gera\u00e7\u00f5es passadas? Venha aprender como desbloquear a sua vida atrav\u00e9s dos Ensaios das Gera\u00e7\u00f5es.\" \/>\n<meta name=\"robots\" content=\"index, follow, max-snippet:-1, max-image-preview:large, max-video-preview:-1\" \/>\n<link rel=\"canonical\" href=\"https:\/\/pmproject.com.br\/bio\/product\/ensaios-das-geracoes-2\/\" \/>\n<meta property=\"og:locale\" content=\"pt_BR\" \/>\n<meta property=\"og:type\" content=\"article\" \/>\n<meta property=\"og:title\" content=\"ENSAIOS DAS GERA\u00c7\u00d5ES, EM BUSCA DA \u00c1RVORES DA VIDA &#8226; BIO.\" \/>\n<meta property=\"og:description\" content=\"Quer saber o que voc\u00ea carrega das gera\u00e7\u00f5es passadas? Venha aprender como desbloquear a sua vida atrav\u00e9s dos Ensaios das Gera\u00e7\u00f5es.\" \/>\n<meta property=\"og:url\" content=\"https:\/\/pmproject.com.br\/bio\/product\/ensaios-das-geracoes-2\/\" \/>\n<meta property=\"og:site_name\" content=\"BIO.\" \/>\n<meta property=\"article:publisher\" content=\"https:\/\/www.facebook.com\/bio.intelligence.office\/\" \/>\n<meta property=\"article:modified_time\" content=\"2022-01-18T21:38:17+00:00\" \/>\n<meta property=\"og:image\" content=\"https:\/\/pmproject.com.br\/bio\/wp-content\/uploads\/2020\/09\/ENSAIOS-GERACOES-CAPASITE_final.png\" \/>\n\t<meta property=\"og:image:width\" content=\"482\" \/>\n\t<meta property=\"og:image:height\" content=\"682\" \/>\n\t<meta property=\"og:image:type\" content=\"image\/png\" \/>\n<meta name=\"twitter:card\" content=\"summary_large_image\" \/>\n<meta name=\"twitter:site\" content=\"@BIO_Intellig\" \/>\n<meta name=\"twitter:label1\" content=\"Est. tempo de leitura\" \/>\n\t<meta name=\"twitter:data1\" content=\"4 minutos\" \/>\n<script type=\"application\/ld+json\" class=\"yoast-schema-graph\">{\"@context\":\"https:\/\/schema.org\",\"@graph\":[{\"@type\":\"WebPage\",\"@id\":\"https:\/\/pmproject.com.br\/bio\/product\/ensaios-das-geracoes-2\/\",\"url\":\"https:\/\/pmproject.com.br\/bio\/product\/ensaios-das-geracoes-2\/\",\"name\":\"ENSAIOS DAS GERA\u00c7\u00d5ES, EM BUSCA DA \u00c1RVORES DA VIDA &#8226; BIO.\",\"isPartOf\":{\"@id\":\"https:\/\/pmproject.com.br\/bio\/#website\"},\"primaryImageOfPage\":{\"@id\":\"https:\/\/pmproject.com.br\/bio\/product\/ensaios-das-geracoes-2\/#primaryimage\"},\"image\":{\"@id\":\"https:\/\/pmproject.com.br\/bio\/product\/ensaios-das-geracoes-2\/#primaryimage\"},\"thumbnailUrl\":\"https:\/\/pmproject.com.br\/bio\/wp-content\/uploads\/2020\/09\/ENSAIOS-GERACOES-CAPASITE_final.png\",\"datePublished\":\"2022-01-06T19:51:26+00:00\",\"dateModified\":\"2022-01-18T21:38:17+00:00\",\"description\":\"Quer saber o que voc\u00ea carrega das gera\u00e7\u00f5es passadas? Venha aprender como desbloquear a sua vida atrav\u00e9s dos Ensaios das Gera\u00e7\u00f5es.\",\"breadcrumb\":{\"@id\":\"https:\/\/pmproject.com.br\/bio\/product\/ensaios-das-geracoes-2\/#breadcrumb\"},\"inLanguage\":\"pt-BR\",\"potentialAction\":[{\"@type\":\"ReadAction\",\"target\":[\"https:\/\/pmproject.com.br\/bio\/product\/ensaios-das-geracoes-2\/\"]}]},{\"@type\":\"ImageObject\",\"inLanguage\":\"pt-BR\",\"@id\":\"https:\/\/pmproject.com.br\/bio\/product\/ensaios-das-geracoes-2\/#primaryimage\",\"url\":\"https:\/\/pmproject.com.br\/bio\/wp-content\/uploads\/2020\/09\/ENSAIOS-GERACOES-CAPASITE_final.png\",\"contentUrl\":\"https:\/\/pmproject.com.br\/bio\/wp-content\/uploads\/2020\/09\/ENSAIOS-GERACOES-CAPASITE_final.png\",\"width\":482,\"height\":682,\"caption\":\"Capa do Livro ENSAIOS DAS GERA\u00c7\u00d5ES, em Busca da \u00c1rvore da Vida\"},{\"@type\":\"BreadcrumbList\",\"@id\":\"https:\/\/pmproject.com.br\/bio\/product\/ensaios-das-geracoes-2\/#breadcrumb\",\"itemListElement\":[{\"@type\":\"ListItem\",\"position\":1,\"name\":\"In\u00edcio\",\"item\":\"https:\/\/pmproject.com.br\/bio\/\"},{\"@type\":\"ListItem\",\"position\":2,\"name\":\"Loja\",\"item\":\"https:\/\/pmproject.com.br\/bio\/loja\/\"},{\"@type\":\"ListItem\",\"position\":3,\"name\":\"ENSAIOS DAS GERA\u00c7\u00d5ES, EM BUSCA DA \u00c1RVORES DA VIDA\"}]},{\"@type\":\"WebSite\",\"@id\":\"https:\/\/pmproject.com.br\/bio\/#website\",\"url\":\"https:\/\/pmproject.com.br\/bio\/\",\"name\":\"BIO\",\"description\":\"BOUTIQUE INTELLIGENCE OFFICE\",\"publisher\":{\"@id\":\"https:\/\/pmproject.com.br\/bio\/#organization\"},\"potentialAction\":[{\"@type\":\"SearchAction\",\"target\":{\"@type\":\"EntryPoint\",\"urlTemplate\":\"https:\/\/pmproject.com.br\/bio\/?s={search_term_string}\"},\"query-input\":{\"@type\":\"PropertyValueSpecification\",\"valueRequired\":true,\"valueName\":\"search_term_string\"}}],\"inLanguage\":\"pt-BR\"},{\"@type\":\"Organization\",\"@id\":\"https:\/\/pmproject.com.br\/bio\/#organization\",\"name\":\"BIO. BOUTIQUE INTELLIGENCE OFFICE\",\"url\":\"https:\/\/pmproject.com.br\/bio\/\",\"logo\":{\"@type\":\"ImageObject\",\"inLanguage\":\"pt-BR\",\"@id\":\"https:\/\/pmproject.com.br\/bio\/#\/schema\/logo\/image\/\",\"url\":\"https:\/\/pmproject.com.br\/bio\/wp-content\/uploads\/2020\/09\/Bio-Brand_Black-1.png\",\"contentUrl\":\"https:\/\/pmproject.com.br\/bio\/wp-content\/uploads\/2020\/09\/Bio-Brand_Black-1.png\",\"width\":1080,\"height\":1080,\"caption\":\"BIO. BOUTIQUE INTELLIGENCE OFFICE\"},\"image\":{\"@id\":\"https:\/\/pmproject.com.br\/bio\/#\/schema\/logo\/image\/\"},\"sameAs\":[\"https:\/\/www.facebook.com\/bio.intelligence.office\/\",\"https:\/\/x.com\/BIO_Intellig\",\"https:\/\/www.instagram.com\/bio.office\/\",\"https:\/\/www.linkedin.com\/company\/biooffice\",\"https:\/\/www.youtube.com\/channel\/UCY0sSiVKy1WN8CNwjNekpBQ\"]}]}<\/script>\n<!-- \/ Yoast SEO plugin. -->","yoast_head_json":{"title":"ENSAIOS DAS GERA\u00c7\u00d5ES, EM BUSCA DA \u00c1RVORES DA VIDA &#8226; BIO.","description":"Quer saber o que voc\u00ea carrega das gera\u00e7\u00f5es passadas? Venha aprender como desbloquear a sua vida atrav\u00e9s dos Ensaios das Gera\u00e7\u00f5es.","robots":{"index":"index","follow":"follow","max-snippet":"max-snippet:-1","max-image-preview":"max-image-preview:large","max-video-preview":"max-video-preview:-1"},"canonical":"https:\/\/pmproject.com.br\/bio\/product\/ensaios-das-geracoes-2\/","og_locale":"pt_BR","og_type":"article","og_title":"ENSAIOS DAS GERA\u00c7\u00d5ES, EM BUSCA DA \u00c1RVORES DA VIDA &#8226; BIO.","og_description":"Quer saber o que voc\u00ea carrega das gera\u00e7\u00f5es passadas? Venha aprender como desbloquear a sua vida atrav\u00e9s dos Ensaios das Gera\u00e7\u00f5es.","og_url":"https:\/\/pmproject.com.br\/bio\/product\/ensaios-das-geracoes-2\/","og_site_name":"BIO.","article_publisher":"https:\/\/www.facebook.com\/bio.intelligence.office\/","article_modified_time":"2022-01-18T21:38:17+00:00","og_image":[{"width":482,"height":682,"url":"https:\/\/pmproject.com.br\/bio\/wp-content\/uploads\/2020\/09\/ENSAIOS-GERACOES-CAPASITE_final.png","type":"image\/png"}],"twitter_card":"summary_large_image","twitter_site":"@BIO_Intellig","twitter_misc":{"Est. tempo de leitura":"4 minutos"},"schema":{"@context":"https:\/\/schema.org","@graph":[{"@type":"WebPage","@id":"https:\/\/pmproject.com.br\/bio\/product\/ensaios-das-geracoes-2\/","url":"https:\/\/pmproject.com.br\/bio\/product\/ensaios-das-geracoes-2\/","name":"ENSAIOS DAS GERA\u00c7\u00d5ES, EM BUSCA DA \u00c1RVORES DA VIDA &#8226; BIO.","isPartOf":{"@id":"https:\/\/pmproject.com.br\/bio\/#website"},"primaryImageOfPage":{"@id":"https:\/\/pmproject.com.br\/bio\/product\/ensaios-das-geracoes-2\/#primaryimage"},"image":{"@id":"https:\/\/pmproject.com.br\/bio\/product\/ensaios-das-geracoes-2\/#primaryimage"},"thumbnailUrl":"https:\/\/pmproject.com.br\/bio\/wp-content\/uploads\/2020\/09\/ENSAIOS-GERACOES-CAPASITE_final.png","datePublished":"2022-01-06T19:51:26+00:00","dateModified":"2022-01-18T21:38:17+00:00","description":"Quer saber o que voc\u00ea carrega das gera\u00e7\u00f5es passadas? Venha aprender como desbloquear a sua vida atrav\u00e9s dos Ensaios das Gera\u00e7\u00f5es.","breadcrumb":{"@id":"https:\/\/pmproject.com.br\/bio\/product\/ensaios-das-geracoes-2\/#breadcrumb"},"inLanguage":"pt-BR","potentialAction":[{"@type":"ReadAction","target":["https:\/\/pmproject.com.br\/bio\/product\/ensaios-das-geracoes-2\/"]}]},{"@type":"ImageObject","inLanguage":"pt-BR","@id":"https:\/\/pmproject.com.br\/bio\/product\/ensaios-das-geracoes-2\/#primaryimage","url":"https:\/\/pmproject.com.br\/bio\/wp-content\/uploads\/2020\/09\/ENSAIOS-GERACOES-CAPASITE_final.png","contentUrl":"https:\/\/pmproject.com.br\/bio\/wp-content\/uploads\/2020\/09\/ENSAIOS-GERACOES-CAPASITE_final.png","width":482,"height":682,"caption":"Capa do Livro ENSAIOS DAS GERA\u00c7\u00d5ES, em Busca da \u00c1rvore da Vida"},{"@type":"BreadcrumbList","@id":"https:\/\/pmproject.com.br\/bio\/product\/ensaios-das-geracoes-2\/#breadcrumb","itemListElement":[{"@type":"ListItem","position":1,"name":"In\u00edcio","item":"https:\/\/pmproject.com.br\/bio\/"},{"@type":"ListItem","position":2,"name":"Loja","item":"https:\/\/pmproject.com.br\/bio\/loja\/"},{"@type":"ListItem","position":3,"name":"ENSAIOS DAS GERA\u00c7\u00d5ES, EM BUSCA DA \u00c1RVORES DA VIDA"}]},{"@type":"WebSite","@id":"https:\/\/pmproject.com.br\/bio\/#website","url":"https:\/\/pmproject.com.br\/bio\/","name":"BIO","description":"BOUTIQUE INTELLIGENCE OFFICE","publisher":{"@id":"https:\/\/pmproject.com.br\/bio\/#organization"},"potentialAction":[{"@type":"SearchAction","target":{"@type":"EntryPoint","urlTemplate":"https:\/\/pmproject.com.br\/bio\/?s={search_term_string}"},"query-input":{"@type":"PropertyValueSpecification","valueRequired":true,"valueName":"search_term_string"}}],"inLanguage":"pt-BR"},{"@type":"Organization","@id":"https:\/\/pmproject.com.br\/bio\/#organization","name":"BIO. BOUTIQUE INTELLIGENCE OFFICE","url":"https:\/\/pmproject.com.br\/bio\/","logo":{"@type":"ImageObject","inLanguage":"pt-BR","@id":"https:\/\/pmproject.com.br\/bio\/#\/schema\/logo\/image\/","url":"https:\/\/pmproject.com.br\/bio\/wp-content\/uploads\/2020\/09\/Bio-Brand_Black-1.png","contentUrl":"https:\/\/pmproject.com.br\/bio\/wp-content\/uploads\/2020\/09\/Bio-Brand_Black-1.png","width":1080,"height":1080,"caption":"BIO. BOUTIQUE INTELLIGENCE OFFICE"},"image":{"@id":"https:\/\/pmproject.com.br\/bio\/#\/schema\/logo\/image\/"},"sameAs":["https:\/\/www.facebook.com\/bio.intelligence.office\/","https:\/\/x.com\/BIO_Intellig","https:\/\/www.instagram.com\/bio.office\/","https:\/\/www.linkedin.com\/company\/biooffice","https:\/\/www.youtube.com\/channel\/UCY0sSiVKy1WN8CNwjNekpBQ"]}]}},"jetpack_sharing_enabled":true,"_links":{"self":[{"href":"https:\/\/pmproject.com.br\/bio\/wp-json\/wp\/v2\/product\/458","targetHints":{"allow":["GET"]}}],"collection":[{"href":"https:\/\/pmproject.com.br\/bio\/wp-json\/wp\/v2\/product"}],"about":[{"href":"https:\/\/pmproject.com.br\/bio\/wp-json\/wp\/v2\/types\/product"}],"replies":[{"embeddable":true,"href":"https:\/\/pmproject.com.br\/bio\/wp-json\/wp\/v2\/comments?post=458"}],"wp:featuredmedia":[{"embeddable":true,"href":"https:\/\/pmproject.com.br\/bio\/wp-json\/wp\/v2\/media\/452"}],"wp:attachment":[{"href":"https:\/\/pmproject.com.br\/bio\/wp-json\/wp\/v2\/media?parent=458"}],"wp:term":[{"taxonomy":"product_brand","embeddable":true,"href":"https:\/\/pmproject.com.br\/bio\/wp-json\/wp\/v2\/product_brand?post=458"},{"taxonomy":"product_cat","embeddable":true,"href":"https:\/\/pmproject.com.br\/bio\/wp-json\/wp\/v2\/product_cat?post=458"},{"taxonomy":"product_tag","embeddable":true,"href":"https:\/\/pmproject.com.br\/bio\/wp-json\/wp\/v2\/product_tag?post=458"}],"curies":[{"name":"wp","href":"https:\/\/api.w.org\/{rel}","templated":true}]}}