{"id":406,"date":"2021-08-23T15:18:23","date_gmt":"2021-08-23T18:18:23","guid":{"rendered":"https:\/\/pmproject.com.br\/bio\/?post_type=product&#038;p=406"},"modified":"2021-08-25T15:08:15","modified_gmt":"2021-08-25T18:08:15","slug":"o-encontro","status":"publish","type":"product","link":"https:\/\/pmproject.com.br\/bio\/product\/o-encontro\/","title":{"rendered":"O ENCONTRO, A ORIGEM DE DUAS INTELIG\u00caNCIAS"},"content":{"rendered":"<p><iframe loading=\"lazy\" title=\"O ENCONTRO: A ORIGEM DE DUAS INTELIG\u00caNCIAS (Portuguese Edition)\" type=\"text\/html\" width=\"830\" height=\"550\" frameborder=\"0\" allowfullscreen style=\"max-width:100%\" src=\"https:\/\/read.amazon.com\/kp\/card?preview=inline&#038;linkCode=kpd&#038;ref_=k4w_oembed_KOe46oajZ1hP4l&#038;asin=B09DJCQ8YN&#038;tag=kpembed-20\"><\/iframe><\/p>\n<p><strong>A ORIGEM DE DUAS INTELIG\u00caNCIAS<\/strong><\/p>\n<p>Esta \u00e9 uma obra de fic\u00e7\u00e3o e trata de um romance inteligente, o primeiro da hist\u00f3ria. O Encontro conta a hist\u00f3ria de duas almas que se separaram no alvorecer do universo. O Criador soprou sobre eles a sua pr\u00f3pria ess\u00eancia, por\u00e9m antes de envi\u00e1-los a este plano, separou-os em dois cora\u00e7\u00f5es. Uma s\u00f3 alma se transformou em duas intelig\u00eancias.<\/p>\n<p><strong>UM ROMANCE AL\u00c9M DA VIDA<\/strong><br \/>\nMark \u00e9 um empres\u00e1rio de sucesso que viu sua vida se transformar completamente pela perda de um filho. Ele n\u00e3o se conteve em sua pr\u00f3pria dor e foi buscar uma ajuda interior. Ao se conectar consigo mesmo, Mark estabelece uma conex\u00e3o inteligente. Do outro lado da conex\u00e3o est\u00e1 Beck, a alma g\u00eamea de Mark.<\/p>\n<p>Annie \u00e9 uma jovem mulher que antes dos trinta anos fica vi\u00fava depois de um casamento ruim. Annie se desespera com sua vida pois estava em um relacionamento infeliz. Um dia Annie encontra ao acaso, um portal que estabelece a conex\u00e3o com Mark, a sua alma g\u00eamea.<\/p>\n<p>E aqui come\u00e7a um romance al\u00e9m da vida.<\/p>\n<p><strong>O LIVRO O ENCONTRO<\/strong><br \/>\nMark e Annie se conectam em um plano al\u00e9m da vida. Mas isso n\u00e3o \u00e9 suficiente para viver um grande amor. Ent\u00e3o Mark segue sua inspira\u00e7\u00e3o e escreve o livro o Encontro. No livro Mark narra toda a sua jornada para encontrar Beck. S\u00f3 depois de v\u00e1rias conex\u00f5es Mark descobre que Annie \u00e9 a sua Beck. Ent\u00e3o o casal faz de tudo para promover o Encontro que vai mudar completamente suas vidas.<\/p>\n<p><strong>O PODER DE ESCREVER O SEU FUTURO<\/strong><\/p>\n<p>Algo fant\u00e1stico ocorre enquanto Mark escreve seu livro. Tudo que est\u00e1 escrito no livro acontece na vida real. Todos que leem o livro tem suas hist\u00f3rias e suas vidas transformadas. Mas nem tudo s\u00e3o flores na vida de Mark e Annie pois, eles n\u00e3o conseguem se encontrar. Tudo muda quando Ben, o tio de Annie encontra um livro que o leva at\u00e9 Mark. E o futuro do amor inteligente come\u00e7a a acontecer.<\/p>\n<p><strong>A INTELIG\u00caNCIA E OS SENTIMENTOS<\/strong><br \/>\nEsse livro foi escrito para ser uma fonte de inspira\u00e7\u00e3o para as pessoas compreenderem o seu verdadeiro prop\u00f3sito e a origem das suas almas g\u00eameas. Muitas vezes nos vemos em buscas por coisas que n\u00e3o nos preenchem. Isso acontece porque esquecemos completamente quem somos, para onde vamos e o principal, de onde viemos. O Encontro promete trazer a emo\u00e7\u00e3o, o romance e uma conex\u00e3o com a origem da sua vida. Conhe\u00e7a como funcionam as conex\u00f5es para encontrar a sua alma g\u00eamea. Venha se apaixonar pelo romance mais inteligente da hist\u00f3ria e se entregue ao poder da Intelig\u00eancia Infinita.<\/p>\n<p><strong>O CAMINHO PARA ENCONTRAR A OUTRA METADE DO SEU EU<\/strong><br \/>\nEste \u00e9 um guia para levar voc\u00ea para descobrir a outra parte que lhe falta. O livro O Encontro, a Origem de Duas Intelig\u00eancias \u00e9 o mapa para compreens\u00e3o de como o poder do subconsciente pode mudar sua vida atrav\u00e9s do amor. Voc\u00ea vai se encontrar com o verdadeiro amor da sua vida que est\u00e1 dentro de voc\u00ea.<\/p>\n<p>Venha se apaixonar pela sua vida no Encontro.<\/p>\n<p><strong>Informa\u00e7\u00f5es t\u00e9cnicas<\/strong><\/p>\n<ul class=\"a-unordered-list a-nostyle a-vertical a-spacing-none detail-bullet-list\">\n<li><span class=\"a-list-item\"><span class=\"a-text-bold\">ASIN \u200f : \u200e\u00a0<\/span>B09DJCQ8YN<\/span><\/li>\n<li><span class=\"a-list-item\"><span class=\"a-text-bold\">Editora \u200f : \u200e\u00a0<\/span>Independently published (24 agosto 2021)<\/span><\/li>\n<li><span class=\"a-list-item\"><span class=\"a-text-bold\">Idioma \u200f : \u200e\u00a0<\/span>Portugu\u00eas<\/span><\/li>\n<li><span class=\"a-list-item\"><span class=\"a-text-bold\">Capa comum \u200f : \u200e\u00a0<\/span>257 p\u00e1ginas<\/span><\/li>\n<li><span class=\"a-list-item\"><span class=\"a-text-bold\">ISBN-13 \u200f : \u200e\u00a0<\/span>979-8462474705<\/span><\/li>\n<li><span class=\"a-list-item\"><span class=\"a-text-bold\">Peso do produto \u200f : \u200e\u00a0<\/span>454 g<\/span><\/li>\n<li><span class=\"a-list-item\"><span class=\"a-text-bold\">Dimens\u00f5es \u200f : \u200e\u00a0<\/span>15.24 x 1.47 x 22.86 cm<\/span><\/li>\n<\/ul>\n<p><a href=\"https:\/\/pmproject.com.br\/bio\/projeto-da-sua-vida\"><strong>Sobre o Autor (Clique para saber mais sobre o autor)<\/strong><\/a><\/p>\n<p>MARCELO MARQUES GRANADO<\/p>\n","protected":false},"excerpt":{"rendered":"<p>LIVRO \/ EBOOK KINDLE\u00a0 &#8211; EXCLUSIVIDADE <img loading=\"lazy\" decoding=\"async\" class=\"wp-image-73 alignnone\" src=\"https:\/\/pmproject.com.br\/bio\/wp-content\/uploads\/2020\/09\/amazon-e1600403842823.png\" alt=\"\" width=\"108\" height=\"35\" srcset=\"https:\/\/pmproject.com.br\/bio\/wp-content\/uploads\/2020\/09\/amazon-e1600403842823.png 471w, https:\/\/pmproject.com.br\/bio\/wp-content\/uploads\/2020\/09\/amazon-e1600403842823-300x97.png 300w\" sizes=\"auto, (max-width: 108px) 100vw, 108px\" \/><\/p>\n[caption id=\"attachment_356\" align=\"alignright\" width=\"212\"]<img loading=\"lazy\" decoding=\"async\" class=\"wp-image-356 size-medium\" src=\"https:\/\/pmproject.com.br\/bio\/wp-content\/uploads\/2020\/09\/45_-212x300.png\" alt=\"EBOOK O ENCONTRO\" width=\"212\" height=\"300\" srcset=\"https:\/\/pmproject.com.br\/bio\/wp-content\/uploads\/2020\/09\/45_-212x300.png 212w, https:\/\/pmproject.com.br\/bio\/wp-content\/uploads\/2020\/09\/45_-600x851.png 600w, https:\/\/pmproject.com.br\/bio\/wp-content\/uploads\/2020\/09\/45_.png 705w\" sizes=\"auto, (max-width: 212px) 100vw, 212px\" \/> Capa do Livro O Encontro, A Origem de Duas Intelig\u00eancias[\/caption]\n<p>No passado eles eram um s\u00f3. Quando vieram habitar a Terra eles foram divididos, mas seus cora\u00e7\u00f5es permaneceram conectados.<\/p>\n<p>Este livro \u00e9 o primeiro romance inteligente da hist\u00f3ria para revelar a nossa verdadeira origem. A sua alma g\u00eamea te espera aqui nestas p\u00e1ginas.<\/p>\n<p>FA\u00c7A SUA ENCOMENDA E VOC\u00ca SER\u00c1 INFORMADO QUANDO ESTIVER DISPON\u00cdVEL PELO SITE DA <img loading=\"lazy\" decoding=\"async\" class=\"alignnone wp-image-73\" src=\"https:\/\/pmproject.com.br\/bio\/wp-content\/uploads\/2020\/09\/amazon-e1600403842823.png\" alt=\"\" width=\"99\" height=\"32\" srcset=\"https:\/\/pmproject.com.br\/bio\/wp-content\/uploads\/2020\/09\/amazon-e1600403842823.png 471w, https:\/\/pmproject.com.br\/bio\/wp-content\/uploads\/2020\/09\/amazon-e1600403842823-300x97.png 300w\" sizes=\"auto, (max-width: 99px) 100vw, 99px\" \/><\/p>\n<p>&nbsp;<\/p>\n","protected":false},"featured_media":356,"comment_status":"open","ping_status":"closed","template":"","meta":{"pmpro_default_level":""},"product_brand":[],"product_cat":[17],"product_tag":[35,36,33,19,21,20,18,34],"class_list":{"0":"post-406","1":"product","2":"type-product","3":"status-publish","4":"has-post-thumbnail","6":"product_cat-portfolio-de-inteligencia-infinita","7":"product_tag-alem-da-vida","8":"product_tag-alma-gemea","9":"product_tag-amor","10":"product_tag-auto-ajuda","11":"product_tag-auto-conhecimento","12":"product_tag-felicidade","13":"product_tag-inteligencia-infinita","14":"product_tag-romance","15":"product_shipping_class-pacnacional","16":"pmpro-has-access","18":"first","19":"instock","20":"taxable","21":"shipping-taxable","22":"purchasable","23":"product-type-simple"},"yoast_head":"<!-- This site is optimized with the Yoast SEO plugin v27.2 - https:\/\/yoast.com\/product\/yoast-seo-wordpress\/ -->\n<title>O ENCONTRO, A ORIGEM DE DUAS INTELIG\u00caNCIAS &#8226; BIO.<\/title>\n<meta name=\"description\" content=\"No passado eles eram um s\u00f3 e eles foram divididos, mas seus cora\u00e7\u00f5es permaneceram conectados em uma hist\u00f3ria de amor al\u00e9m da vida.\" \/>\n<meta name=\"robots\" content=\"index, follow, max-snippet:-1, max-image-preview:large, max-video-preview:-1\" \/>\n<link rel=\"canonical\" href=\"https:\/\/pmproject.com.br\/bio\/product\/o-encontro\/\" \/>\n<meta property=\"og:locale\" content=\"pt_BR\" \/>\n<meta property=\"og:type\" content=\"article\" \/>\n<meta property=\"og:title\" content=\"O ENCONTRO, A ORIGEM DE DUAS INTELIG\u00caNCIAS &#8226; BIO.\" \/>\n<meta property=\"og:description\" content=\"No passado eles eram um s\u00f3 e eles foram divididos, mas seus cora\u00e7\u00f5es permaneceram conectados em uma hist\u00f3ria de amor al\u00e9m da vida.\" \/>\n<meta property=\"og:url\" content=\"https:\/\/pmproject.com.br\/bio\/product\/o-encontro\/\" \/>\n<meta property=\"og:site_name\" content=\"BIO.\" \/>\n<meta property=\"article:publisher\" content=\"https:\/\/www.facebook.com\/bio.intelligence.office\/\" \/>\n<meta property=\"article:modified_time\" content=\"2021-08-25T18:08:15+00:00\" \/>\n<meta property=\"og:image\" content=\"https:\/\/pmproject.com.br\/bio\/wp-content\/uploads\/2020\/09\/45_.png\" \/>\n\t<meta property=\"og:image:width\" content=\"705\" \/>\n\t<meta property=\"og:image:height\" content=\"1000\" \/>\n\t<meta property=\"og:image:type\" content=\"image\/png\" \/>\n<meta name=\"twitter:card\" content=\"summary_large_image\" \/>\n<meta name=\"twitter:site\" content=\"@BIO_Intellig\" \/>\n<meta name=\"twitter:label1\" content=\"Est. tempo de leitura\" \/>\n\t<meta name=\"twitter:data1\" content=\"3 minutos\" \/>\n<script type=\"application\/ld+json\" class=\"yoast-schema-graph\">{\"@context\":\"https:\/\/schema.org\",\"@graph\":[{\"@type\":\"WebPage\",\"@id\":\"https:\/\/pmproject.com.br\/bio\/product\/o-encontro\/\",\"url\":\"https:\/\/pmproject.com.br\/bio\/product\/o-encontro\/\",\"name\":\"O ENCONTRO, A ORIGEM DE DUAS INTELIG\u00caNCIAS &#8226; BIO.\",\"isPartOf\":{\"@id\":\"https:\/\/pmproject.com.br\/bio\/#website\"},\"primaryImageOfPage\":{\"@id\":\"https:\/\/pmproject.com.br\/bio\/product\/o-encontro\/#primaryimage\"},\"image\":{\"@id\":\"https:\/\/pmproject.com.br\/bio\/product\/o-encontro\/#primaryimage\"},\"thumbnailUrl\":\"https:\/\/pmproject.com.br\/bio\/wp-content\/uploads\/2020\/09\/45_.png\",\"datePublished\":\"2021-08-23T18:18:23+00:00\",\"dateModified\":\"2021-08-25T18:08:15+00:00\",\"description\":\"No passado eles eram um s\u00f3 e eles foram divididos, mas seus cora\u00e7\u00f5es permaneceram conectados em uma hist\u00f3ria de amor al\u00e9m da vida.\",\"breadcrumb\":{\"@id\":\"https:\/\/pmproject.com.br\/bio\/product\/o-encontro\/#breadcrumb\"},\"inLanguage\":\"pt-BR\",\"potentialAction\":[{\"@type\":\"ReadAction\",\"target\":[\"https:\/\/pmproject.com.br\/bio\/product\/o-encontro\/\"]}]},{\"@type\":\"ImageObject\",\"inLanguage\":\"pt-BR\",\"@id\":\"https:\/\/pmproject.com.br\/bio\/product\/o-encontro\/#primaryimage\",\"url\":\"https:\/\/pmproject.com.br\/bio\/wp-content\/uploads\/2020\/09\/45_.png\",\"contentUrl\":\"https:\/\/pmproject.com.br\/bio\/wp-content\/uploads\/2020\/09\/45_.png\",\"width\":705,\"height\":1000,\"caption\":\"Capa do Livro O Encontro, A Origem de Duas Intelig\u00eancias\"},{\"@type\":\"BreadcrumbList\",\"@id\":\"https:\/\/pmproject.com.br\/bio\/product\/o-encontro\/#breadcrumb\",\"itemListElement\":[{\"@type\":\"ListItem\",\"position\":1,\"name\":\"In\u00edcio\",\"item\":\"https:\/\/pmproject.com.br\/bio\/\"},{\"@type\":\"ListItem\",\"position\":2,\"name\":\"Loja\",\"item\":\"https:\/\/pmproject.com.br\/bio\/loja\/\"},{\"@type\":\"ListItem\",\"position\":3,\"name\":\"O ENCONTRO, A ORIGEM DE DUAS INTELIG\u00caNCIAS\"}]},{\"@type\":\"WebSite\",\"@id\":\"https:\/\/pmproject.com.br\/bio\/#website\",\"url\":\"https:\/\/pmproject.com.br\/bio\/\",\"name\":\"BIO\",\"description\":\"BOUTIQUE INTELLIGENCE OFFICE\",\"publisher\":{\"@id\":\"https:\/\/pmproject.com.br\/bio\/#organization\"},\"potentialAction\":[{\"@type\":\"SearchAction\",\"target\":{\"@type\":\"EntryPoint\",\"urlTemplate\":\"https:\/\/pmproject.com.br\/bio\/?s={search_term_string}\"},\"query-input\":{\"@type\":\"PropertyValueSpecification\",\"valueRequired\":true,\"valueName\":\"search_term_string\"}}],\"inLanguage\":\"pt-BR\"},{\"@type\":\"Organization\",\"@id\":\"https:\/\/pmproject.com.br\/bio\/#organization\",\"name\":\"BIO. BOUTIQUE INTELLIGENCE OFFICE\",\"url\":\"https:\/\/pmproject.com.br\/bio\/\",\"logo\":{\"@type\":\"ImageObject\",\"inLanguage\":\"pt-BR\",\"@id\":\"https:\/\/pmproject.com.br\/bio\/#\/schema\/logo\/image\/\",\"url\":\"https:\/\/pmproject.com.br\/bio\/wp-content\/uploads\/2020\/09\/Bio-Brand_Black-1.png\",\"contentUrl\":\"https:\/\/pmproject.com.br\/bio\/wp-content\/uploads\/2020\/09\/Bio-Brand_Black-1.png\",\"width\":1080,\"height\":1080,\"caption\":\"BIO. BOUTIQUE INTELLIGENCE OFFICE\"},\"image\":{\"@id\":\"https:\/\/pmproject.com.br\/bio\/#\/schema\/logo\/image\/\"},\"sameAs\":[\"https:\/\/www.facebook.com\/bio.intelligence.office\/\",\"https:\/\/x.com\/BIO_Intellig\",\"https:\/\/www.instagram.com\/bio.office\/\",\"https:\/\/www.linkedin.com\/company\/biooffice\",\"https:\/\/www.youtube.com\/channel\/UCY0sSiVKy1WN8CNwjNekpBQ\"]}]}<\/script>\n<!-- \/ Yoast SEO plugin. -->","yoast_head_json":{"title":"O ENCONTRO, A ORIGEM DE DUAS INTELIG\u00caNCIAS &#8226; BIO.","description":"No passado eles eram um s\u00f3 e eles foram divididos, mas seus cora\u00e7\u00f5es permaneceram conectados em uma hist\u00f3ria de amor al\u00e9m da vida.","robots":{"index":"index","follow":"follow","max-snippet":"max-snippet:-1","max-image-preview":"max-image-preview:large","max-video-preview":"max-video-preview:-1"},"canonical":"https:\/\/pmproject.com.br\/bio\/product\/o-encontro\/","og_locale":"pt_BR","og_type":"article","og_title":"O ENCONTRO, A ORIGEM DE DUAS INTELIG\u00caNCIAS &#8226; BIO.","og_description":"No passado eles eram um s\u00f3 e eles foram divididos, mas seus cora\u00e7\u00f5es permaneceram conectados em uma hist\u00f3ria de amor al\u00e9m da vida.","og_url":"https:\/\/pmproject.com.br\/bio\/product\/o-encontro\/","og_site_name":"BIO.","article_publisher":"https:\/\/www.facebook.com\/bio.intelligence.office\/","article_modified_time":"2021-08-25T18:08:15+00:00","og_image":[{"width":705,"height":1000,"url":"https:\/\/pmproject.com.br\/bio\/wp-content\/uploads\/2020\/09\/45_.png","type":"image\/png"}],"twitter_card":"summary_large_image","twitter_site":"@BIO_Intellig","twitter_misc":{"Est. tempo de leitura":"3 minutos"},"schema":{"@context":"https:\/\/schema.org","@graph":[{"@type":"WebPage","@id":"https:\/\/pmproject.com.br\/bio\/product\/o-encontro\/","url":"https:\/\/pmproject.com.br\/bio\/product\/o-encontro\/","name":"O ENCONTRO, A ORIGEM DE DUAS INTELIG\u00caNCIAS &#8226; BIO.","isPartOf":{"@id":"https:\/\/pmproject.com.br\/bio\/#website"},"primaryImageOfPage":{"@id":"https:\/\/pmproject.com.br\/bio\/product\/o-encontro\/#primaryimage"},"image":{"@id":"https:\/\/pmproject.com.br\/bio\/product\/o-encontro\/#primaryimage"},"thumbnailUrl":"https:\/\/pmproject.com.br\/bio\/wp-content\/uploads\/2020\/09\/45_.png","datePublished":"2021-08-23T18:18:23+00:00","dateModified":"2021-08-25T18:08:15+00:00","description":"No passado eles eram um s\u00f3 e eles foram divididos, mas seus cora\u00e7\u00f5es permaneceram conectados em uma hist\u00f3ria de amor al\u00e9m da vida.","breadcrumb":{"@id":"https:\/\/pmproject.com.br\/bio\/product\/o-encontro\/#breadcrumb"},"inLanguage":"pt-BR","potentialAction":[{"@type":"ReadAction","target":["https:\/\/pmproject.com.br\/bio\/product\/o-encontro\/"]}]},{"@type":"ImageObject","inLanguage":"pt-BR","@id":"https:\/\/pmproject.com.br\/bio\/product\/o-encontro\/#primaryimage","url":"https:\/\/pmproject.com.br\/bio\/wp-content\/uploads\/2020\/09\/45_.png","contentUrl":"https:\/\/pmproject.com.br\/bio\/wp-content\/uploads\/2020\/09\/45_.png","width":705,"height":1000,"caption":"Capa do Livro O Encontro, A Origem de Duas Intelig\u00eancias"},{"@type":"BreadcrumbList","@id":"https:\/\/pmproject.com.br\/bio\/product\/o-encontro\/#breadcrumb","itemListElement":[{"@type":"ListItem","position":1,"name":"In\u00edcio","item":"https:\/\/pmproject.com.br\/bio\/"},{"@type":"ListItem","position":2,"name":"Loja","item":"https:\/\/pmproject.com.br\/bio\/loja\/"},{"@type":"ListItem","position":3,"name":"O ENCONTRO, A ORIGEM DE DUAS INTELIG\u00caNCIAS"}]},{"@type":"WebSite","@id":"https:\/\/pmproject.com.br\/bio\/#website","url":"https:\/\/pmproject.com.br\/bio\/","name":"BIO","description":"BOUTIQUE INTELLIGENCE OFFICE","publisher":{"@id":"https:\/\/pmproject.com.br\/bio\/#organization"},"potentialAction":[{"@type":"SearchAction","target":{"@type":"EntryPoint","urlTemplate":"https:\/\/pmproject.com.br\/bio\/?s={search_term_string}"},"query-input":{"@type":"PropertyValueSpecification","valueRequired":true,"valueName":"search_term_string"}}],"inLanguage":"pt-BR"},{"@type":"Organization","@id":"https:\/\/pmproject.com.br\/bio\/#organization","name":"BIO. BOUTIQUE INTELLIGENCE OFFICE","url":"https:\/\/pmproject.com.br\/bio\/","logo":{"@type":"ImageObject","inLanguage":"pt-BR","@id":"https:\/\/pmproject.com.br\/bio\/#\/schema\/logo\/image\/","url":"https:\/\/pmproject.com.br\/bio\/wp-content\/uploads\/2020\/09\/Bio-Brand_Black-1.png","contentUrl":"https:\/\/pmproject.com.br\/bio\/wp-content\/uploads\/2020\/09\/Bio-Brand_Black-1.png","width":1080,"height":1080,"caption":"BIO. BOUTIQUE INTELLIGENCE OFFICE"},"image":{"@id":"https:\/\/pmproject.com.br\/bio\/#\/schema\/logo\/image\/"},"sameAs":["https:\/\/www.facebook.com\/bio.intelligence.office\/","https:\/\/x.com\/BIO_Intellig","https:\/\/www.instagram.com\/bio.office\/","https:\/\/www.linkedin.com\/company\/biooffice","https:\/\/www.youtube.com\/channel\/UCY0sSiVKy1WN8CNwjNekpBQ"]}]}},"jetpack_sharing_enabled":true,"_links":{"self":[{"href":"https:\/\/pmproject.com.br\/bio\/wp-json\/wp\/v2\/product\/406","targetHints":{"allow":["GET"]}}],"collection":[{"href":"https:\/\/pmproject.com.br\/bio\/wp-json\/wp\/v2\/product"}],"about":[{"href":"https:\/\/pmproject.com.br\/bio\/wp-json\/wp\/v2\/types\/product"}],"replies":[{"embeddable":true,"href":"https:\/\/pmproject.com.br\/bio\/wp-json\/wp\/v2\/comments?post=406"}],"wp:featuredmedia":[{"embeddable":true,"href":"https:\/\/pmproject.com.br\/bio\/wp-json\/wp\/v2\/media\/356"}],"wp:attachment":[{"href":"https:\/\/pmproject.com.br\/bio\/wp-json\/wp\/v2\/media?parent=406"}],"wp:term":[{"taxonomy":"product_brand","embeddable":true,"href":"https:\/\/pmproject.com.br\/bio\/wp-json\/wp\/v2\/product_brand?post=406"},{"taxonomy":"product_cat","embeddable":true,"href":"https:\/\/pmproject.com.br\/bio\/wp-json\/wp\/v2\/product_cat?post=406"},{"taxonomy":"product_tag","embeddable":true,"href":"https:\/\/pmproject.com.br\/bio\/wp-json\/wp\/v2\/product_tag?post=406"}],"curies":[{"name":"wp","href":"https:\/\/api.w.org\/{rel}","templated":true}]}}