{"id":253,"date":"2020-11-11T02:53:54","date_gmt":"2020-11-11T05:53:54","guid":{"rendered":"https:\/\/pmproject.com.br\/bio\/?post_type=product&#038;p=253"},"modified":"2020-11-11T02:54:28","modified_gmt":"2020-11-11T05:54:28","slug":"ensaios-da-inteligencia","status":"publish","type":"product","link":"https:\/\/pmproject.com.br\/bio\/product\/ensaios-da-inteligencia\/","title":{"rendered":"ENSAIOS DA INTELIG\u00caNCIA &#8211; #01 COMPREENS\u00c3O"},"content":{"rendered":"<p>A chave para compreender a vida s\u00e3o os Ensaios da Intelig\u00eancia.<br \/>\nUma audios\u00e9rie sobre a vida. Atrav\u00e9s de ensaios di\u00e1rios.<\/p>\n<p>Em outras palavras, essa audios\u00e9rie \u00e9 uma conversa com a Intelig\u00eancia Infinita dentro de voc\u00ea.<\/p>\n<p>Assim voc\u00ea poder\u00e1 encontrar as respostas que tanto procura.<br \/>\nOu\u00e7a o Ensaio sobre a Compreens\u00e3o.<\/p>\n<h2>ENSAIO #01 | COMPREENS\u00c3O<\/h2>\n<p><iframe loading=\"lazy\" src=\"https:\/\/anchor.fm\/biooffice\/embed\/episodes\/BIO-ENSAIO-01--COMPREENSO-emalbf\" width=\"400px\" height=\"102px\" frameborder=\"0\" scrolling=\"no\"><\/iframe><\/p>\n<p>O primeiro Ensaio da Intelig\u00eancia fala sobre COMPREENS\u00c3O.<br \/>\nCompreender \u00e9, sobretudo, utilizar a intelig\u00eancia de maneira a se conectar com a vida.<\/p>\n<p>O seu Eu interior \u00e9 a grande fonte de riqueza e proposperidade.<br \/>\nMas como se conectar com o seu interior?<\/p>\n<p>Al\u00e9m disso, como aprender a ouvir a sua pr\u00f3pria voz interior?<\/p>\n<p>E depois disso o que vem?<br \/>\nS\u00e3o muitas perguntas, mas voc\u00ea sabe todas as respostas.<br \/>\nConecte-se consigo mesmo e responda a todas elas.<\/p>\n<h2>SOBRE A AUDIOS\u00c9RIE<\/h2>\n<p>Ouvir o seu lado interior \u00e9 um exerc\u00edcio.<br \/>\nEm outras palavras, \u00e9 necess\u00e1rio exercitar a mente para ouvir a voz mais profunda.<\/p>\n<p>Esta audios\u00e9rie foi criada para ajudar voc\u00ea a aprender a ouvir-se.<br \/>\nE mais, para poder compreender os ensaios da intelig\u00eancia.<\/p>\n<h2>ESTABELECENDO A CONEX\u00c3O<\/h2>\n<p>Tudo come\u00e7a com a abertura da mente.<br \/>\nAl\u00e9m disso, \u00e9 necess\u00e1rio eliminar todo tipo de julgamento.<\/p>\n<p>Conhe\u00e7a o livro Ensaios da Vida. Aqui voc\u00ea tamb\u00e9m vai se apaixonar pela vida.<\/p>\n<p><a href=\"https:\/\/pmproject.com.br\/bio\/product\/ensaios-da-vida-30-dias-com-a-inteligencia-infinita\/\"><img loading=\"lazy\" decoding=\"async\" class=\"wp-image-64\" src=\"https:\/\/pmproject.com.br\/bio\/wp-content\/uploads\/2020\/09\/02.Ensaios_Frente-1.png\" alt=\"ENSAIOS BOOK\" width=\"267\" height=\"379\" srcset=\"https:\/\/pmproject.com.br\/bio\/wp-content\/uploads\/2020\/09\/02.Ensaios_Frente-1.png 1408w, https:\/\/pmproject.com.br\/bio\/wp-content\/uploads\/2020\/09\/02.Ensaios_Frente-1-211x300.png 211w, https:\/\/pmproject.com.br\/bio\/wp-content\/uploads\/2020\/09\/02.Ensaios_Frente-1-721x1024.png 721w, https:\/\/pmproject.com.br\/bio\/wp-content\/uploads\/2020\/09\/02.Ensaios_Frente-1-768x1091.png 768w, https:\/\/pmproject.com.br\/bio\/wp-content\/uploads\/2020\/09\/02.Ensaios_Frente-1-1081x1536.png 1081w, https:\/\/pmproject.com.br\/bio\/wp-content\/uploads\/2020\/09\/02.Ensaios_Frente-1-600x852.png 600w\" sizes=\"auto, (max-width: 267px) 100vw, 267px\" \/><\/a><\/p>\n<p>ENSAIOS DA INTELIG\u00caNCIA<\/p>\n<p>Conhe\u00e7a as publica\u00e7\u00f5es da BIO.<br \/>\nEncontre-nos nas redes sociais.<\/p>\n<p><a href=\"https:\/\/www.instagram.com\/bio.office\/\">INSTAGRAM<\/a><\/p>\n<p><a href=\"https:\/\/www.facebook.com\/Biointelligenceoffice\">FACEBOOK<\/a><\/p>\n<p>&nbsp;<\/p>\n","protected":false},"excerpt":{"rendered":"<p>A chave para compreender a vida s\u00e3o os Ensaios da Intelig\u00eancia. Uma audios\u00e9rie sobre a vida. Atrav\u00e9s de ensaios di\u00e1rios. Em outras palavras, essa audios\u00e9rie \u00e9 uma conversa com a Intelig\u00eancia Infinita dentro de voc\u00ea. Assim voc\u00ea poder\u00e1 encontrar as respostas que tanto procura. Ou\u00e7a o Ensaio sobre a Compreens\u00e3o. ENSAIO #01 | COMPREENS\u00c3O O &hellip; <\/p>\n","protected":false},"featured_media":255,"comment_status":"open","ping_status":"closed","template":"","meta":{"pmpro_default_level":""},"product_brand":[],"product_cat":[17],"product_tag":[],"class_list":{"0":"post-253","1":"product","2":"type-product","3":"status-publish","4":"has-post-thumbnail","6":"product_cat-portfolio-de-inteligencia-infinita","7":"pmpro-has-access","9":"first","10":"instock","11":"downloadable","12":"taxable","13":"shipping-taxable","14":"purchasable","15":"product-type-simple"},"yoast_head":"<!-- This site is optimized with the Yoast SEO plugin v27.2 - https:\/\/yoast.com\/product\/yoast-seo-wordpress\/ -->\n<title>ENSAIOS DA INTELIG\u00caNCIA - #01 COMPREENS\u00c3O &#8226; BIO.<\/title>\n<meta name=\"description\" content=\"Ensaios \u00e9 uma audios\u00e9rie sobre a intelig\u00eancia. Conecte-se com a vida atrav\u00e9s dos Ensaios da Intelig\u00eancia. Encontre-se com a Intelig\u00eancia.\" \/>\n<meta name=\"robots\" content=\"index, follow, max-snippet:-1, max-image-preview:large, max-video-preview:-1\" \/>\n<link rel=\"canonical\" href=\"https:\/\/pmproject.com.br\/bio\/product\/ensaios-da-inteligencia\/\" \/>\n<meta property=\"og:locale\" content=\"pt_BR\" \/>\n<meta property=\"og:type\" content=\"article\" \/>\n<meta property=\"og:title\" content=\"ENSAIOS DA INTELIG\u00caNCIA - #01 COMPREENS\u00c3O &#8226; BIO.\" \/>\n<meta property=\"og:description\" content=\"Ensaios \u00e9 uma audios\u00e9rie sobre a intelig\u00eancia. Conecte-se com a vida atrav\u00e9s dos Ensaios da Intelig\u00eancia. Encontre-se com a Intelig\u00eancia.\" \/>\n<meta property=\"og:url\" content=\"https:\/\/pmproject.com.br\/bio\/product\/ensaios-da-inteligencia\/\" \/>\n<meta property=\"og:site_name\" content=\"BIO.\" \/>\n<meta property=\"article:publisher\" content=\"https:\/\/www.facebook.com\/bio.intelligence.office\/\" \/>\n<meta property=\"article:modified_time\" content=\"2020-11-11T05:54:28+00:00\" \/>\n<meta property=\"og:image\" content=\"https:\/\/pmproject.com.br\/bio\/wp-content\/uploads\/2020\/11\/BIO-PODCASTS.png\" \/>\n\t<meta property=\"og:image:width\" content=\"1400\" \/>\n\t<meta property=\"og:image:height\" content=\"1400\" \/>\n\t<meta property=\"og:image:type\" content=\"image\/png\" \/>\n<meta name=\"twitter:card\" content=\"summary_large_image\" \/>\n<meta name=\"twitter:site\" content=\"@BIO_Intellig\" \/>\n<meta name=\"twitter:label1\" content=\"Est. tempo de leitura\" \/>\n\t<meta name=\"twitter:data1\" content=\"1 minuto\" \/>\n<script type=\"application\/ld+json\" class=\"yoast-schema-graph\">{\"@context\":\"https:\/\/schema.org\",\"@graph\":[{\"@type\":\"WebPage\",\"@id\":\"https:\/\/pmproject.com.br\/bio\/product\/ensaios-da-inteligencia\/\",\"url\":\"https:\/\/pmproject.com.br\/bio\/product\/ensaios-da-inteligencia\/\",\"name\":\"ENSAIOS DA INTELIG\u00caNCIA - #01 COMPREENS\u00c3O &#8226; BIO.\",\"isPartOf\":{\"@id\":\"https:\/\/pmproject.com.br\/bio\/#website\"},\"primaryImageOfPage\":{\"@id\":\"https:\/\/pmproject.com.br\/bio\/product\/ensaios-da-inteligencia\/#primaryimage\"},\"image\":{\"@id\":\"https:\/\/pmproject.com.br\/bio\/product\/ensaios-da-inteligencia\/#primaryimage\"},\"thumbnailUrl\":\"https:\/\/pmproject.com.br\/bio\/wp-content\/uploads\/2020\/11\/BIO-PODCASTS.png\",\"datePublished\":\"2020-11-11T05:53:54+00:00\",\"dateModified\":\"2020-11-11T05:54:28+00:00\",\"description\":\"Ensaios \u00e9 uma audios\u00e9rie sobre a intelig\u00eancia. Conecte-se com a vida atrav\u00e9s dos Ensaios da Intelig\u00eancia. Encontre-se com a Intelig\u00eancia.\",\"breadcrumb\":{\"@id\":\"https:\/\/pmproject.com.br\/bio\/product\/ensaios-da-inteligencia\/#breadcrumb\"},\"inLanguage\":\"pt-BR\",\"potentialAction\":[{\"@type\":\"ReadAction\",\"target\":[\"https:\/\/pmproject.com.br\/bio\/product\/ensaios-da-inteligencia\/\"]}]},{\"@type\":\"ImageObject\",\"inLanguage\":\"pt-BR\",\"@id\":\"https:\/\/pmproject.com.br\/bio\/product\/ensaios-da-inteligencia\/#primaryimage\",\"url\":\"https:\/\/pmproject.com.br\/bio\/wp-content\/uploads\/2020\/11\/BIO-PODCASTS.png\",\"contentUrl\":\"https:\/\/pmproject.com.br\/bio\/wp-content\/uploads\/2020\/11\/BIO-PODCASTS.png\",\"width\":1400,\"height\":1400},{\"@type\":\"BreadcrumbList\",\"@id\":\"https:\/\/pmproject.com.br\/bio\/product\/ensaios-da-inteligencia\/#breadcrumb\",\"itemListElement\":[{\"@type\":\"ListItem\",\"position\":1,\"name\":\"In\u00edcio\",\"item\":\"https:\/\/pmproject.com.br\/bio\/\"},{\"@type\":\"ListItem\",\"position\":2,\"name\":\"Loja\",\"item\":\"https:\/\/pmproject.com.br\/bio\/loja\/\"},{\"@type\":\"ListItem\",\"position\":3,\"name\":\"ENSAIOS DA INTELIG\u00caNCIA &#8211; #01 COMPREENS\u00c3O\"}]},{\"@type\":\"WebSite\",\"@id\":\"https:\/\/pmproject.com.br\/bio\/#website\",\"url\":\"https:\/\/pmproject.com.br\/bio\/\",\"name\":\"BIO\",\"description\":\"BOUTIQUE INTELLIGENCE OFFICE\",\"publisher\":{\"@id\":\"https:\/\/pmproject.com.br\/bio\/#organization\"},\"potentialAction\":[{\"@type\":\"SearchAction\",\"target\":{\"@type\":\"EntryPoint\",\"urlTemplate\":\"https:\/\/pmproject.com.br\/bio\/?s={search_term_string}\"},\"query-input\":{\"@type\":\"PropertyValueSpecification\",\"valueRequired\":true,\"valueName\":\"search_term_string\"}}],\"inLanguage\":\"pt-BR\"},{\"@type\":\"Organization\",\"@id\":\"https:\/\/pmproject.com.br\/bio\/#organization\",\"name\":\"BIO. BOUTIQUE INTELLIGENCE OFFICE\",\"url\":\"https:\/\/pmproject.com.br\/bio\/\",\"logo\":{\"@type\":\"ImageObject\",\"inLanguage\":\"pt-BR\",\"@id\":\"https:\/\/pmproject.com.br\/bio\/#\/schema\/logo\/image\/\",\"url\":\"https:\/\/pmproject.com.br\/bio\/wp-content\/uploads\/2020\/09\/Bio-Brand_Black-1.png\",\"contentUrl\":\"https:\/\/pmproject.com.br\/bio\/wp-content\/uploads\/2020\/09\/Bio-Brand_Black-1.png\",\"width\":1080,\"height\":1080,\"caption\":\"BIO. BOUTIQUE INTELLIGENCE OFFICE\"},\"image\":{\"@id\":\"https:\/\/pmproject.com.br\/bio\/#\/schema\/logo\/image\/\"},\"sameAs\":[\"https:\/\/www.facebook.com\/bio.intelligence.office\/\",\"https:\/\/x.com\/BIO_Intellig\",\"https:\/\/www.instagram.com\/bio.office\/\",\"https:\/\/www.linkedin.com\/company\/biooffice\",\"https:\/\/www.youtube.com\/channel\/UCY0sSiVKy1WN8CNwjNekpBQ\"]}]}<\/script>\n<!-- \/ Yoast SEO plugin. -->","yoast_head_json":{"title":"ENSAIOS DA INTELIG\u00caNCIA - #01 COMPREENS\u00c3O &#8226; BIO.","description":"Ensaios \u00e9 uma audios\u00e9rie sobre a intelig\u00eancia. Conecte-se com a vida atrav\u00e9s dos Ensaios da Intelig\u00eancia. Encontre-se com a Intelig\u00eancia.","robots":{"index":"index","follow":"follow","max-snippet":"max-snippet:-1","max-image-preview":"max-image-preview:large","max-video-preview":"max-video-preview:-1"},"canonical":"https:\/\/pmproject.com.br\/bio\/product\/ensaios-da-inteligencia\/","og_locale":"pt_BR","og_type":"article","og_title":"ENSAIOS DA INTELIG\u00caNCIA - #01 COMPREENS\u00c3O &#8226; BIO.","og_description":"Ensaios \u00e9 uma audios\u00e9rie sobre a intelig\u00eancia. Conecte-se com a vida atrav\u00e9s dos Ensaios da Intelig\u00eancia. Encontre-se com a Intelig\u00eancia.","og_url":"https:\/\/pmproject.com.br\/bio\/product\/ensaios-da-inteligencia\/","og_site_name":"BIO.","article_publisher":"https:\/\/www.facebook.com\/bio.intelligence.office\/","article_modified_time":"2020-11-11T05:54:28+00:00","og_image":[{"width":1400,"height":1400,"url":"https:\/\/pmproject.com.br\/bio\/wp-content\/uploads\/2020\/11\/BIO-PODCASTS.png","type":"image\/png"}],"twitter_card":"summary_large_image","twitter_site":"@BIO_Intellig","twitter_misc":{"Est. tempo de leitura":"1 minuto"},"schema":{"@context":"https:\/\/schema.org","@graph":[{"@type":"WebPage","@id":"https:\/\/pmproject.com.br\/bio\/product\/ensaios-da-inteligencia\/","url":"https:\/\/pmproject.com.br\/bio\/product\/ensaios-da-inteligencia\/","name":"ENSAIOS DA INTELIG\u00caNCIA - #01 COMPREENS\u00c3O &#8226; BIO.","isPartOf":{"@id":"https:\/\/pmproject.com.br\/bio\/#website"},"primaryImageOfPage":{"@id":"https:\/\/pmproject.com.br\/bio\/product\/ensaios-da-inteligencia\/#primaryimage"},"image":{"@id":"https:\/\/pmproject.com.br\/bio\/product\/ensaios-da-inteligencia\/#primaryimage"},"thumbnailUrl":"https:\/\/pmproject.com.br\/bio\/wp-content\/uploads\/2020\/11\/BIO-PODCASTS.png","datePublished":"2020-11-11T05:53:54+00:00","dateModified":"2020-11-11T05:54:28+00:00","description":"Ensaios \u00e9 uma audios\u00e9rie sobre a intelig\u00eancia. Conecte-se com a vida atrav\u00e9s dos Ensaios da Intelig\u00eancia. Encontre-se com a Intelig\u00eancia.","breadcrumb":{"@id":"https:\/\/pmproject.com.br\/bio\/product\/ensaios-da-inteligencia\/#breadcrumb"},"inLanguage":"pt-BR","potentialAction":[{"@type":"ReadAction","target":["https:\/\/pmproject.com.br\/bio\/product\/ensaios-da-inteligencia\/"]}]},{"@type":"ImageObject","inLanguage":"pt-BR","@id":"https:\/\/pmproject.com.br\/bio\/product\/ensaios-da-inteligencia\/#primaryimage","url":"https:\/\/pmproject.com.br\/bio\/wp-content\/uploads\/2020\/11\/BIO-PODCASTS.png","contentUrl":"https:\/\/pmproject.com.br\/bio\/wp-content\/uploads\/2020\/11\/BIO-PODCASTS.png","width":1400,"height":1400},{"@type":"BreadcrumbList","@id":"https:\/\/pmproject.com.br\/bio\/product\/ensaios-da-inteligencia\/#breadcrumb","itemListElement":[{"@type":"ListItem","position":1,"name":"In\u00edcio","item":"https:\/\/pmproject.com.br\/bio\/"},{"@type":"ListItem","position":2,"name":"Loja","item":"https:\/\/pmproject.com.br\/bio\/loja\/"},{"@type":"ListItem","position":3,"name":"ENSAIOS DA INTELIG\u00caNCIA &#8211; #01 COMPREENS\u00c3O"}]},{"@type":"WebSite","@id":"https:\/\/pmproject.com.br\/bio\/#website","url":"https:\/\/pmproject.com.br\/bio\/","name":"BIO","description":"BOUTIQUE INTELLIGENCE OFFICE","publisher":{"@id":"https:\/\/pmproject.com.br\/bio\/#organization"},"potentialAction":[{"@type":"SearchAction","target":{"@type":"EntryPoint","urlTemplate":"https:\/\/pmproject.com.br\/bio\/?s={search_term_string}"},"query-input":{"@type":"PropertyValueSpecification","valueRequired":true,"valueName":"search_term_string"}}],"inLanguage":"pt-BR"},{"@type":"Organization","@id":"https:\/\/pmproject.com.br\/bio\/#organization","name":"BIO. BOUTIQUE INTELLIGENCE OFFICE","url":"https:\/\/pmproject.com.br\/bio\/","logo":{"@type":"ImageObject","inLanguage":"pt-BR","@id":"https:\/\/pmproject.com.br\/bio\/#\/schema\/logo\/image\/","url":"https:\/\/pmproject.com.br\/bio\/wp-content\/uploads\/2020\/09\/Bio-Brand_Black-1.png","contentUrl":"https:\/\/pmproject.com.br\/bio\/wp-content\/uploads\/2020\/09\/Bio-Brand_Black-1.png","width":1080,"height":1080,"caption":"BIO. BOUTIQUE INTELLIGENCE OFFICE"},"image":{"@id":"https:\/\/pmproject.com.br\/bio\/#\/schema\/logo\/image\/"},"sameAs":["https:\/\/www.facebook.com\/bio.intelligence.office\/","https:\/\/x.com\/BIO_Intellig","https:\/\/www.instagram.com\/bio.office\/","https:\/\/www.linkedin.com\/company\/biooffice","https:\/\/www.youtube.com\/channel\/UCY0sSiVKy1WN8CNwjNekpBQ"]}]}},"jetpack_sharing_enabled":true,"_links":{"self":[{"href":"https:\/\/pmproject.com.br\/bio\/wp-json\/wp\/v2\/product\/253","targetHints":{"allow":["GET"]}}],"collection":[{"href":"https:\/\/pmproject.com.br\/bio\/wp-json\/wp\/v2\/product"}],"about":[{"href":"https:\/\/pmproject.com.br\/bio\/wp-json\/wp\/v2\/types\/product"}],"replies":[{"embeddable":true,"href":"https:\/\/pmproject.com.br\/bio\/wp-json\/wp\/v2\/comments?post=253"}],"wp:featuredmedia":[{"embeddable":true,"href":"https:\/\/pmproject.com.br\/bio\/wp-json\/wp\/v2\/media\/255"}],"wp:attachment":[{"href":"https:\/\/pmproject.com.br\/bio\/wp-json\/wp\/v2\/media?parent=253"}],"wp:term":[{"taxonomy":"product_brand","embeddable":true,"href":"https:\/\/pmproject.com.br\/bio\/wp-json\/wp\/v2\/product_brand?post=253"},{"taxonomy":"product_cat","embeddable":true,"href":"https:\/\/pmproject.com.br\/bio\/wp-json\/wp\/v2\/product_cat?post=253"},{"taxonomy":"product_tag","embeddable":true,"href":"https:\/\/pmproject.com.br\/bio\/wp-json\/wp\/v2\/product_tag?post=253"}],"curies":[{"name":"wp","href":"https:\/\/api.w.org\/{rel}","templated":true}]}}